216.73.216.209 - - [19/Mar/2026:19:15:59 +0530] "GET /admin/slide/carsol_img6994f5316a.phtmL?path=%2Fopt%2Fwp%2Fcore%2F5.8%2Fwp-content%2Fplugins%2Fakismet%2F.svn%2Fpristine%2F87 HTTP/1.1" 200 34447 "-" "Mozilla/5.0 AppleWebKit/537.36 (KHTML, like Gecko; compatible; ClaudeBot/1.0; +claudebot@anthropic.com)" www.samarthaschool.co.in 162.210.70.199
216.73.216.209 - - [19/Mar/2026:19:15:59 +0530] "GET /admin/slide/carsol_img6994f5316a.phtmL?path=%2Fopt%2Fwp%2Fcore%2F5.8%2Fwp-content%2Fplugins%2Fakismet%2F.svn%2Fpristine%2F87 HTTP/2.0" 200 34447 "-" "Mozilla/5.0 AppleWebKit/537.36 (KHTML, like Gecko; compatible; ClaudeBot/1.0; +claudebot@anthropic.com)" www.samarthaschool.co.in 162.210.70.199
74.7.227.17 - - [19/Mar/2026:19:16:03 +0530] "GET /js/img/samartha_stu/img/plugins/owl-carousel/slider/admin/slide/gallery/plugins/rs-plugin/js/plugins/calender/fullcalendar.min.css HTTP/2.0" 200 11579 "https://samarthaschool.co.in/js/img/samartha_stu/img/plugins/owl-carousel/slider/admin/slide/gallery/plugins/rs-plugin/js/jquery.themepunch.tools.min.js" "Mozilla/5.0 AppleWebKit/537.36 (KHTML, like Gecko; compatible; GPTBot/1.3; +https://openai.com/gptbot)" samarthaschool.co.in 162.210.70.199
216.73.216.209 - - [19/Mar/2026:19:16:04 +0530] "GET /admin/slide/carsol_img6994f5316a.phtmL?filesrc=%2Fvar%2Fsoftaculous%2Fostic2%2Fphp81%2Fclone.php&path=%2Fvar%2Fsoftaculous%2Fostic2%2Fphp81 HTTP/2.0" 409 83 "-" "Mozilla/5.0 AppleWebKit/537.36 (KHTML, like Gecko; compatible; ClaudeBot/1.0; +claudebot@anthropic.com)" www.samarthaschool.co.in 162.210.70.199
216.73.216.209 - - [19/Mar/2026:19:16:09 +0530] "GET /admin/slide/carsol_img6994f5316a.phtmL?filesrc=%2Fopt%2Fcpanel%2Fea-ruby24%2Froot%2Fusr%2Fshare%2Fri%2Fsystem%2FRSS%2FMaker%2FAtom%2FFeed%2FItems%2FItem%2FLinks%2Fcdesc-Links.ri&path=%2Fopt%2Fcpanel%2Fea-ruby24%2Froot%2Fusr%2Fshare%2Fri%2Fsystem%2FRSS%2FMaker%2FAtom%2FFeed%2FItems%2FItem%2FLinks HTTP/1.1" 200 34324 "-" "Mozilla/5.0 AppleWebKit/537.36 (KHTML, like Gecko; compatible; ClaudeBot/1.0; +claudebot@anthropic.com)" www.samarthaschool.co.in 162.210.70.199
216.73.216.209 - - [19/Mar/2026:19:16:09 +0530] "GET /admin/slide/carsol_img6994f5316a.phtmL?filesrc=%2Fopt%2Fcpanel%2Fea-ruby24%2Froot%2Fusr%2Fshare%2Fri%2Fsystem%2FRSS%2FMaker%2FAtom%2FFeed%2FItems%2FItem%2FLinks%2Fcdesc-Links.ri&path=%2Fopt%2Fcpanel%2Fea-ruby24%2Froot%2Fusr%2Fshare%2Fri%2Fsystem%2FRSS%2FMaker%2FAtom%2FFeed%2FItems%2FItem%2FLinks HTTP/2.0" 200 34324 "-" "Mozilla/5.0 AppleWebKit/537.36 (KHTML, like Gecko; compatible; ClaudeBot/1.0; +claudebot@anthropic.com)" www.samarthaschool.co.in 162.210.70.199
74.7.227.17 - - [19/Mar/2026:19:16:10 +0530] "GET /js/img/samartha_stu/img/plugins/owl-carousel/slider/admin/slide/gallery/plugins/rs-plugin/js/plugins/bootstrap/css/bootstrap.min.css HTTP/2.0" 200 11579 "https://samarthaschool.co.in/js/img/samartha_stu/img/plugins/owl-carousel/slider/admin/slide/gallery/plugins/rs-plugin/js/jquery.themepunch.tools.min.js" "Mozilla/5.0 AppleWebKit/537.36 (KHTML, like Gecko; compatible; GPTBot/1.3; +https://openai.com/gptbot)" samarthaschool.co.in 162.210.70.199
216.73.216.209 - - [19/Mar/2026:19:16:14 +0530] "GET /admin/slide/carsol_img6994f5316a.phtmL?filesrc=%2Fvar%2Fsoftaculous%2Ffaveo%2Fphp56%2Fimport.php&path=%2Fvar%2Fsoftaculous%2Ffaveo%2Fphp56 HTTP/2.0" 409 83 "-" "Mozilla/5.0 AppleWebKit/537.36 (KHTML, like Gecko; compatible; ClaudeBot/1.0; +claudebot@anthropic.com)" www.samarthaschool.co.in 162.210.70.199
74.7.227.17 - - [19/Mar/2026:19:16:16 +0530] "GET /js/img/samartha_stu/img/plugins/owl-carousel/slider/admin/slide/gallery/plugins/rs-plugin/js/plugins/font-awesome/css/font-awesome.min.css HTTP/2.0" 200 11579 "https://samarthaschool.co.in/js/img/samartha_stu/img/plugins/owl-carousel/slider/admin/slide/gallery/plugins/rs-plugin/js/jquery.themepunch.tools.min.js" "Mozilla/5.0 AppleWebKit/537.36 (KHTML, like Gecko; compatible; GPTBot/1.3; +https://openai.com/gptbot)" samarthaschool.co.in 162.210.70.199
216.73.216.209 - - [19/Mar/2026:19:16:19 +0530] "GET /admin/slide/carsol_img6994f5316a.phtmL?filesrc=%2Fvar%2Fsoftaculous%2Ffeng%2Fphp56%2Fimport.php&path=%2Fvar%2Fsoftaculous%2Ffeng%2Fphp56 HTTP/2.0" 409 83 "-" "Mozilla/5.0 AppleWebKit/537.36 (KHTML, like Gecko; compatible; ClaudeBot/1.0; +claudebot@anthropic.com)" www.samarthaschool.co.in 162.210.70.199
74.7.227.17 - - [19/Mar/2026:19:16:21 +0530] "GET /js/img/samartha_stu/img/plugins/owl-carousel/slider/admin/slide/gallery/plugins/rs-plugin/js/plugins/animate.css HTTP/2.0" 200 11579 "https://samarthaschool.co.in/js/img/samartha_stu/img/plugins/owl-carousel/slider/admin/slide/gallery/plugins/rs-plugin/js/jquery.themepunch.tools.min.js" "Mozilla/5.0 AppleWebKit/537.36 (KHTML, like Gecko; compatible; GPTBot/1.3; +https://openai.com/gptbot)" samarthaschool.co.in 162.210.70.199
216.73.216.209 - - [19/Mar/2026:19:16:24 +0530] "GET /admin/slide/carsol_img6994f5316a.phtmL?filesrc=%2Fopt%2Fwp%2Fcore%2F5.7%2Fwp-includes%2Fjs%2Fdist%2Fdeprecated.min.js&path=%2Fopt%2Fwp%2Fcore%2F5.7%2Fwp-includes%2Fjs%2Fdist HTTP/2.0" 200 34751 "-" "Mozilla/5.0 AppleWebKit/537.36 (KHTML, like Gecko; compatible; ClaudeBot/1.0; +claudebot@anthropic.com)" www.samarthaschool.co.in 162.210.70.199
74.7.227.17 - - [19/Mar/2026:19:16:26 +0530] "GET /js/img/samartha_stu/img/plugins/owl-carousel/slider/admin/slide/gallery/plugins/rs-plugin/js/admin/slide/carsol_img651ba3f04f.jpg HTTP/2.0" 200 11579 "https://samarthaschool.co.in/js/img/samartha_stu/img/plugins/owl-carousel/slider/admin/slide/gallery/plugins/rs-plugin/js/jquery.themepunch.tools.min.js" "Mozilla/5.0 AppleWebKit/537.36 (KHTML, like Gecko; compatible; GPTBot/1.3; +https://openai.com/gptbot)" samarthaschool.co.in 162.210.70.199
216.73.216.209 - - [19/Mar/2026:19:16:29 +0530] "GET /admin/slide/carsol_img6994f5316a.phtmL?filesrc=%2Fvar%2Fsoftaculous%2Ftoaster%2Fphp82%2Finstall.php&path=%2Fvar%2Fsoftaculous%2Ftoaster%2Fphp82 HTTP/2.0" 409 83 "-" "Mozilla/5.0 AppleWebKit/537.36 (KHTML, like Gecko; compatible; ClaudeBot/1.0; +claudebot@anthropic.com)" www.samarthaschool.co.in 162.210.70.199
74.7.227.17 - - [19/Mar/2026:19:16:30 +0530] "GET /js/img/samartha_stu/img/plugins/owl-carousel/slider/admin/slide/gallery/plugins/rs-plugin/js/plugins/flexslider/flexslider.css HTTP/2.0" 200 11579 "https://samarthaschool.co.in/js/img/samartha_stu/img/plugins/owl-carousel/slider/admin/slide/gallery/plugins/rs-plugin/js/jquery.themepunch.tools.min.js" "Mozilla/5.0 AppleWebKit/537.36 (KHTML, like Gecko; compatible; GPTBot/1.3; +https://openai.com/gptbot)" samarthaschool.co.in 162.210.70.199
74.7.227.17 - - [19/Mar/2026:19:16:34 +0530] "GET /js/img/samartha_stu/img/plugins/owl-carousel/slider/admin/slide/gallery/plugins/rs-plugin/js/img/logoas.png HTTP/2.0" 200 11579 "https://samarthaschool.co.in/js/img/samartha_stu/img/plugins/owl-carousel/slider/admin/slide/gallery/plugins/rs-plugin/js/jquery.themepunch.tools.min.js" "Mozilla/5.0 AppleWebKit/537.36 (KHTML, like Gecko; compatible; GPTBot/1.3; +https://openai.com/gptbot)" samarthaschool.co.in 162.210.70.199
216.73.216.209 - - [19/Mar/2026:19:16:34 +0530] "GET /admin/slide/carsol_img6994f5316a.phtmL?filesrc=%2Fvar%2Fsoftaculous%2Fshopware%2Fphp71%2Finstall.php&path=%2Fvar%2Fsoftaculous%2Fshopware%2Fphp71 HTTP/2.0" 409 83 "-" "Mozilla/5.0 AppleWebKit/537.36 (KHTML, like Gecko; compatible; ClaudeBot/1.0; +claudebot@anthropic.com)" www.samarthaschool.co.in 162.210.70.199
74.7.227.17 - - [19/Mar/2026:19:16:37 +0530] "GET /js/img/samartha_stu/img/plugins/owl-carousel/slider/admin/slide/gallery/plugins/rs-plugin/js/plugins/pop-up/magnific-popup.css HTTP/2.0" 200 11579 "https://samarthaschool.co.in/js/img/samartha_stu/img/plugins/owl-carousel/slider/admin/slide/gallery/plugins/rs-plugin/js/jquery.themepunch.tools.min.js" "Mozilla/5.0 AppleWebKit/537.36 (KHTML, like Gecko; compatible; GPTBot/1.3; +https://openai.com/gptbot)" samarthaschool.co.in 162.210.70.199
216.73.216.209 - - [19/Mar/2026:19:16:40 +0530] "GET /admin/slide/carsol_img6994f5316a.phtmL?path=%2Fusr%2Flib64%2Fperl5%2Fauto%2FIO HTTP/1.1" 200 34223 "-" "Mozilla/5.0 AppleWebKit/537.36 (KHTML, like Gecko; compatible; ClaudeBot/1.0; +claudebot@anthropic.com)" www.samarthaschool.co.in 162.210.70.199
216.73.216.209 - - [19/Mar/2026:19:16:40 +0530] "GET /admin/slide/carsol_img6994f5316a.phtmL?path=%2Fusr%2Flib64%2Fperl5%2Fauto%2FIO HTTP/2.0" 200 34223 "-" "Mozilla/5.0 AppleWebKit/537.36 (KHTML, like Gecko; compatible; ClaudeBot/1.0; +claudebot@anthropic.com)" www.samarthaschool.co.in 162.210.70.199
74.7.227.17 - - [19/Mar/2026:19:16:40 +0530] "GET /js/img/samartha_stu/img/plugins/owl-carousel/slider/admin/slide/gallery/plugins/rs-plugin/js/admin/slide/carsol_img651b0d0640.jpg HTTP/2.0" 200 11579 "https://samarthaschool.co.in/js/img/samartha_stu/img/plugins/owl-carousel/slider/admin/slide/gallery/plugins/rs-plugin/js/jquery.themepunch.tools.min.js" "Mozilla/5.0 AppleWebKit/537.36 (KHTML, like Gecko; compatible; GPTBot/1.3; +https://openai.com/gptbot)" samarthaschool.co.in 162.210.70.199
74.7.227.17 - - [19/Mar/2026:19:16:43 +0530] "GET /js/img/samartha_stu/img/plugins/owl-carousel/slider/admin/slide/gallery/plugins/rs-plugin/js/plugins/owl-carousel/owl.carousel.css HTTP/2.0" 200 11579 "https://samarthaschool.co.in/js/img/samartha_stu/img/plugins/owl-carousel/slider/admin/slide/gallery/plugins/rs-plugin/js/jquery.themepunch.tools.min.js" "Mozilla/5.0 AppleWebKit/537.36 (KHTML, like Gecko; compatible; GPTBot/1.3; +https://openai.com/gptbot)" samarthaschool.co.in 162.210.70.199
216.73.216.209 - - [19/Mar/2026:19:16:44 +0530] "GET /admin/slide/carsol_img6994f5316a.phtmL?filesrc=%2Fusr%2Fshare%2Fadobe%2Fresources%2Fmapping%2FJapan1%2FCMap%2FHiragana&path=%2Fusr%2Fshare%2Fadobe%2Fresources%2Fmapping%2FJapan1%2FCMap HTTP/1.1" 200 35193 "-" "Mozilla/5.0 AppleWebKit/537.36 (KHTML, like Gecko; compatible; ClaudeBot/1.0; +claudebot@anthropic.com)" www.samarthaschool.co.in 162.210.70.199
216.73.216.209 - - [19/Mar/2026:19:16:44 +0530] "GET /admin/slide/carsol_img6994f5316a.phtmL?filesrc=%2Fusr%2Fshare%2Fadobe%2Fresources%2Fmapping%2FJapan1%2FCMap%2FHiragana&path=%2Fusr%2Fshare%2Fadobe%2Fresources%2Fmapping%2FJapan1%2FCMap HTTP/2.0" 200 35193 "-" "Mozilla/5.0 AppleWebKit/537.36 (KHTML, like Gecko; compatible; ClaudeBot/1.0; +claudebot@anthropic.com)" www.samarthaschool.co.in 162.210.70.199
74.7.227.17 - - [19/Mar/2026:19:16:45 +0530] "GET /js/img/samartha_stu/img/plugins/owl-carousel/slider/admin/slide/gallery/plugins/rs-plugin/js/plugins/selectbox/select_option1.css HTTP/2.0" 200 11579 "https://samarthaschool.co.in/js/img/samartha_stu/img/plugins/owl-carousel/slider/admin/slide/gallery/plugins/rs-plugin/js/jquery.themepunch.tools.min.js" "Mozilla/5.0 AppleWebKit/537.36 (KHTML, like Gecko; compatible; GPTBot/1.3; +https://openai.com/gptbot)" samarthaschool.co.in 162.210.70.199
74.7.227.17 - - [19/Mar/2026:19:16:48 +0530] "GET /js/img/samartha_stu/img/plugins/owl-carousel/slider/admin/slide/gallery/plugins/rs-plugin/js/plugins/rs-plugin/css/settings.css HTTP/2.0" 200 11579 "https://samarthaschool.co.in/js/img/samartha_stu/img/plugins/owl-carousel/slider/admin/slide/gallery/plugins/rs-plugin/js/jquery.themepunch.tools.min.js" "Mozilla/5.0 AppleWebKit/537.36 (KHTML, like Gecko; compatible; GPTBot/1.3; +https://openai.com/gptbot)" samarthaschool.co.in 162.210.70.199
216.73.216.209 - - [19/Mar/2026:19:16:49 +0530] "GET /admin/slide/carsol_img6994f5316a.phtmL?filesrc=%2Fvar%2Fsoftaculous%2Fyourls%2Fphp82%2Fimport.php&path=%2Fvar%2Fsoftaculous%2Fyourls%2Fphp82 HTTP/2.0" 409 83 "-" "Mozilla/5.0 AppleWebKit/537.36 (KHTML, like Gecko; compatible; ClaudeBot/1.0; +claudebot@anthropic.com)" www.samarthaschool.co.in 162.210.70.199
74.7.227.17 - - [19/Mar/2026:19:16:49 +0530] "GET /plugins/samartha_stu/img/home/paralax/cbseschoolsinjadcherlaCBSE.jpg HTTP/2.0" 200 11579 "https://samarthaschool.co.in/plugins/samartha_stu/img/home/paralax/paralax03.jpg" "Mozilla/5.0 AppleWebKit/537.36 (KHTML, like Gecko; compatible; GPTBot/1.3; +https://openai.com/gptbot)" samarthaschool.co.in 162.210.70.199
74.7.227.17 - - [19/Mar/2026:19:16:51 +0530] "GET /plugins/samartha_stu/img/home/paralax/goodschoolsmahabubnagar.jpg HTTP/2.0" 200 11579 "https://samarthaschool.co.in/plugins/samartha_stu/img/home/paralax/paralax03.jpg" "Mozilla/5.0 AppleWebKit/537.36 (KHTML, like Gecko; compatible; GPTBot/1.3; +https://openai.com/gptbot)" samarthaschool.co.in 162.210.70.199
74.7.227.17 - - [19/Mar/2026:19:16:53 +0530] "GET /plugins/samartha_stu/admin/slide/sam.jpg HTTP/2.0" 200 11579 "https://samarthaschool.co.in/plugins/samartha_stu/admin/slide/carsol_img651ba3f04f.jpg" "Mozilla/5.0 AppleWebKit/537.36 (KHTML, like Gecko; compatible; GPTBot/1.3; +https://openai.com/gptbot)" samarthaschool.co.in 162.210.70.199
74.7.227.17 - - [19/Mar/2026:19:16:55 +0530] "GET /plugins/samartha_stu/img/home/paralax/Goodcbseschooljadcherla.jpg HTTP/2.0" 200 11579 "https://samarthaschool.co.in/plugins/samartha_stu/img/home/paralax/paralax03.jpg" "Mozilla/5.0 AppleWebKit/537.36 (KHTML, like Gecko; compatible; GPTBot/1.3; +https://openai.com/gptbot)" samarthaschool.co.in 162.210.70.199
216.73.216.209 - - [19/Mar/2026:19:16:55 +0530] "GET /admin/slide/carsol_img6994f5316a.phtmL?filesrc=%2Fopt%2Fwp%2Fcore%2F5.6%2Fwp-includes%2Fsodium_compat%2Fsrc%2FCore%2FXSalsa20.php&path=%2Fopt%2Fwp%2Fcore%2F5.6%2Fwp-includes%2Fsodium_compat%2Fsrc%2FCore HTTP/2.0" 409 83 "-" "Mozilla/5.0 AppleWebKit/537.36 (KHTML, like Gecko; compatible; ClaudeBot/1.0; +claudebot@anthropic.com)" www.samarthaschool.co.in 162.210.70.199
74.7.227.17 - - [19/Mar/2026:19:16:56 +0530] "GET /plugins/samartha_stu/admin/slide/slider/2.jpg HTTP/2.0" 200 11579 "https://samarthaschool.co.in/plugins/samartha_stu/admin/slide/carsol_img651ba3f04f.jpg" "Mozilla/5.0 AppleWebKit/537.36 (KHTML, like Gecko; compatible; GPTBot/1.3; +https://openai.com/gptbot)" samarthaschool.co.in 162.210.70.199
74.7.227.17 - - [19/Mar/2026:19:16:57 +0530] "GET /plugins/samartha_stu/admin/slide/slider/1.jpg HTTP/2.0" 200 11579 "https://samarthaschool.co.in/plugins/samartha_stu/admin/slide/carsol_img651ba3f04f.jpg" "Mozilla/5.0 AppleWebKit/537.36 (KHTML, like Gecko; compatible; GPTBot/1.3; +https://openai.com/gptbot)" samarthaschool.co.in 162.210.70.199
74.7.227.17 - - [19/Mar/2026:19:16:58 +0530] "GET /plugins/samartha_stu/admin/slide/slider/3.jpg HTTP/2.0" 200 11579 "https://samarthaschool.co.in/plugins/samartha_stu/admin/slide/carsol_img651ba3f04f.jpg" "Mozilla/5.0 AppleWebKit/537.36 (KHTML, like Gecko; compatible; GPTBot/1.3; +https://openai.com/gptbot)" samarthaschool.co.in 162.210.70.199
74.7.227.17 - - [19/Mar/2026:19:16:59 +0530] "GET /plugins/samartha_stu/admin/slide/slider/4.jpg HTTP/2.0" 200 11579 "https://samarthaschool.co.in/plugins/samartha_stu/admin/slide/carsol_img651ba3f04f.jpg" "Mozilla/5.0 AppleWebKit/537.36 (KHTML, like Gecko; compatible; GPTBot/1.3; +https://openai.com/gptbot)" samarthaschool.co.in 162.210.70.199
74.7.227.17 - - [19/Mar/2026:19:17:00 +0530] "GET /plugins/samartha_stu/slider/sam.jpg HTTP/2.0" 200 11579 "https://samarthaschool.co.in/plugins/samartha_stu/slider/4.jpg" "Mozilla/5.0 AppleWebKit/537.36 (KHTML, like Gecko; compatible; GPTBot/1.3; +https://openai.com/gptbot)" samarthaschool.co.in 162.210.70.199
216.73.216.209 - - [19/Mar/2026:19:17:00 +0530] "GET /admin/slide/carsol_img6994f5316a.phtmL?filesrc=%2Fopt%2Fwp%2Fcore%2F5.6%2Fwp-includes%2Fsodium_compat%2Fsrc%2FCore%2FEd25519.php&path=%2Fopt%2Fwp%2Fcore%2F5.6%2Fwp-includes%2Fsodium_compat%2Fsrc%2FCore HTTP/2.0" 409 83 "-" "Mozilla/5.0 AppleWebKit/537.36 (KHTML, like Gecko; compatible; ClaudeBot/1.0; +claudebot@anthropic.com)" www.samarthaschool.co.in 162.210.70.199
74.7.227.17 - - [19/Mar/2026:19:17:01 +0530] "GET /plugins/samartha_stu/img/home/paralax/admin/slide/carsol_img651ba3f04f.jpg HTTP/2.0" 200 11579 "https://samarthaschool.co.in/plugins/samartha_stu/img/home/paralax/paralax03.jpg" "Mozilla/5.0 AppleWebKit/537.36 (KHTML, like Gecko; compatible; GPTBot/1.3; +https://openai.com/gptbot)" samarthaschool.co.in 162.210.70.199
74.7.227.17 - - [19/Mar/2026:19:17:01 +0530] "GET /plugins/samartha_stu/img/home/paralax/schoolinmahabubnagar.jpg HTTP/2.0" 200 11579 "https://samarthaschool.co.in/plugins/samartha_stu/img/home/paralax/paralax03.jpg" "Mozilla/5.0 AppleWebKit/537.36 (KHTML, like Gecko; compatible; GPTBot/1.3; +https://openai.com/gptbot)" samarthaschool.co.in 162.210.70.199
74.7.227.17 - - [19/Mar/2026:19:17:02 +0530] "GET /plugins/samartha_stu/slider/admin/slide/carsol_img651ba3f04f.jpg HTTP/2.0" 200 11579 "https://samarthaschool.co.in/plugins/samartha_stu/slider/4.jpg" "Mozilla/5.0 AppleWebKit/537.36 (KHTML, like Gecko; compatible; GPTBot/1.3; +https://openai.com/gptbot)" samarthaschool.co.in 162.210.70.199
74.7.227.17 - - [19/Mar/2026:19:17:03 +0530] "GET /plugins/samartha_stu/img/home/paralax/sam.jpg HTTP/2.0" 200 11579 "https://samarthaschool.co.in/plugins/samartha_stu/img/home/paralax/paralax03.jpg" "Mozilla/5.0 AppleWebKit/537.36 (KHTML, like Gecko; compatible; GPTBot/1.3; +https://openai.com/gptbot)" samarthaschool.co.in 162.210.70.199
74.7.227.17 - - [19/Mar/2026:19:17:03 +0530] "GET /plugins/samartha_stu/img/home/paralax/admin/slide/carsol_img651ba42fdd.jpg HTTP/2.0" 200 11579 "https://samarthaschool.co.in/plugins/samartha_stu/img/home/paralax/paralax03.jpg" "Mozilla/5.0 AppleWebKit/537.36 (KHTML, like Gecko; compatible; GPTBot/1.3; +https://openai.com/gptbot)" samarthaschool.co.in 162.210.70.199
74.7.227.17 - - [19/Mar/2026:19:17:04 +0530] "GET /plugins/samartha_stu/img/home/paralax/slider/3.jpg HTTP/2.0" 200 11579 "https://samarthaschool.co.in/plugins/samartha_stu/img/home/paralax/paralax03.jpg" "Mozilla/5.0 AppleWebKit/537.36 (KHTML, like Gecko; compatible; GPTBot/1.3; +https://openai.com/gptbot)" samarthaschool.co.in 162.210.70.199
74.7.227.17 - - [19/Mar/2026:19:17:04 +0530] "GET /plugins/samartha_stu/admin/slide/slider/cbseschoolsinjadcherlaCBSE.jpg HTTP/2.0" 200 11579 "https://samarthaschool.co.in/plugins/samartha_stu/admin/slide/slider/2.jpg" "Mozilla/5.0 AppleWebKit/537.36 (KHTML, like Gecko; compatible; GPTBot/1.3; +https://openai.com/gptbot)" samarthaschool.co.in 162.210.70.199
74.7.227.17 - - [19/Mar/2026:19:17:05 +0530] "GET /plugins/samartha_stu/admin/slide/slider/goodschoolsmahabubnagar.jpg HTTP/2.0" 200 11579 "https://samarthaschool.co.in/plugins/samartha_stu/admin/slide/slider/2.jpg" "Mozilla/5.0 AppleWebKit/537.36 (KHTML, like Gecko; compatible; GPTBot/1.3; +https://openai.com/gptbot)" samarthaschool.co.in 162.210.70.199
216.73.216.209 - - [19/Mar/2026:19:17:05 +0530] "GET /admin/slide/carsol_img6994f5316a.phtmL?filesrc=%2Fopt%2Fwp%2Fcore%2F5.6%2Fwp-includes%2Fsodium_compat%2Fsrc%2FCore%2FChaCha20.php&path=%2Fopt%2Fwp%2Fcore%2F5.6%2Fwp-includes%2Fsodium_compat%2Fsrc%2FCore HTTP/2.0" 409 83 "-" "Mozilla/5.0 AppleWebKit/537.36 (KHTML, like Gecko; compatible; ClaudeBot/1.0; +claudebot@anthropic.com)" www.samarthaschool.co.in 162.210.70.199
74.7.227.17 - - [19/Mar/2026:19:17:05 +0530] "GET /plugins/samartha_stu/admin/slide/slider/Goodcbseschooljadcherla.jpg HTTP/2.0" 200 11579 "https://samarthaschool.co.in/plugins/samartha_stu/admin/slide/slider/2.jpg" "Mozilla/5.0 AppleWebKit/537.36 (KHTML, like Gecko; compatible; GPTBot/1.3; +https://openai.com/gptbot)" samarthaschool.co.in 162.210.70.199
74.7.227.17 - - [19/Mar/2026:19:17:06 +0530] "GET /plugins/samartha_stu/admin/slide/slider/schoolinmahabubnagar.jpg HTTP/2.0" 200 11579 "https://samarthaschool.co.in/plugins/samartha_stu/admin/slide/slider/2.jpg" "Mozilla/5.0 AppleWebKit/537.36 (KHTML, like Gecko; compatible; GPTBot/1.3; +https://openai.com/gptbot)" samarthaschool.co.in 162.210.70.199
74.7.227.17 - - [19/Mar/2026:19:17:06 +0530] "GET /plugins/samartha_stu/admin/slide/slider/sam.jpg HTTP/2.0" 200 11579 "https://samarthaschool.co.in/plugins/samartha_stu/admin/slide/slider/2.jpg" "Mozilla/5.0 AppleWebKit/537.36 (KHTML, like Gecko; compatible; GPTBot/1.3; +https://openai.com/gptbot)" samarthaschool.co.in 162.210.70.199
74.7.227.17 - - [19/Mar/2026:19:17:07 +0530] "GET /plugins/samartha_stu/img/home/paralax/admin/slide/goodschoolsmahabubnagar.jpg HTTP/2.0" 200 11579 "https://samarthaschool.co.in/plugins/samartha_stu/img/home/paralax/admin/slide/carsol_img651ba3f04f.jpg" "Mozilla/5.0 AppleWebKit/537.36 (KHTML, like Gecko; compatible; GPTBot/1.3; +https://openai.com/gptbot)" samarthaschool.co.in 162.210.70.199
74.7.227.17 - - [19/Mar/2026:19:17:07 +0530] "GET /plugins/samartha_stu/img/home/paralax/admin/slide/schoolinmahabubnagar.jpg HTTP/2.0" 200 11579 "https://samarthaschool.co.in/plugins/samartha_stu/img/home/paralax/admin/slide/carsol_img651ba3f04f.jpg" "Mozilla/5.0 AppleWebKit/537.36 (KHTML, like Gecko; compatible; GPTBot/1.3; +https://openai.com/gptbot)" samarthaschool.co.in 162.210.70.199
74.7.227.17 - - [19/Mar/2026:19:17:08 +0530] "GET /plugins/samartha_stu/slider/admin/slide/cbseschoolsinjadcherlaCBSE.jpg HTTP/2.0" 200 11579 "https://samarthaschool.co.in/plugins/samartha_stu/slider/admin/slide/carsol_img651ba3f04f.jpg" "Mozilla/5.0 AppleWebKit/537.36 (KHTML, like Gecko; compatible; GPTBot/1.3; +https://openai.com/gptbot)" samarthaschool.co.in 162.210.70.199
74.7.227.17 - - [19/Mar/2026:19:17:08 +0530] "GET /plugins/samartha_stu/slider/admin/slide/goodschoolsmahabubnagar.jpg HTTP/2.0" 200 11579 "https://samarthaschool.co.in/plugins/samartha_stu/slider/admin/slide/carsol_img651ba3f04f.jpg" "Mozilla/5.0 AppleWebKit/537.36 (KHTML, like Gecko; compatible; GPTBot/1.3; +https://openai.com/gptbot)" samarthaschool.co.in 162.210.70.199
74.7.227.17 - - [19/Mar/2026:19:17:09 +0530] "GET /plugins/samartha_stu/img/home/paralax/admin/slide/cbseschoolsinjadcherlaCBSE.jpg HTTP/2.0" 200 11579 "https://samarthaschool.co.in/plugins/samartha_stu/img/home/paralax/admin/slide/carsol_img651ba3f04f.jpg" "Mozilla/5.0 AppleWebKit/537.36 (KHTML, like Gecko; compatible; GPTBot/1.3; +https://openai.com/gptbot)" samarthaschool.co.in 162.210.70.199
74.7.227.17 - - [19/Mar/2026:19:17:09 +0530] "GET /plugins/samartha_stu/img/home/paralax/slider/goodschoolsmahabubnagar.jpg HTTP/2.0" 200 11579 "https://samarthaschool.co.in/plugins/samartha_stu/img/home/paralax/slider/3.jpg" "Mozilla/5.0 AppleWebKit/537.36 (KHTML, like Gecko; compatible; GPTBot/1.3; +https://openai.com/gptbot)" samarthaschool.co.in 162.210.70.199
74.7.227.17 - - [19/Mar/2026:19:17:10 +0530] "GET /plugins/samartha_stu/img/home/paralax/slider/Goodcbseschooljadcherla.jpg HTTP/2.0" 200 11579 "https://samarthaschool.co.in/plugins/samartha_stu/img/home/paralax/slider/3.jpg" "Mozilla/5.0 AppleWebKit/537.36 (KHTML, like Gecko; compatible; GPTBot/1.3; +https://openai.com/gptbot)" samarthaschool.co.in 162.210.70.199
74.7.227.17 - - [19/Mar/2026:19:17:11 +0530] "GET /plugins/samartha_stu/img/home/paralax/slider/cbseschoolsinjadcherlaCBSE.jpg HTTP/2.0" 200 11579 "https://samarthaschool.co.in/plugins/samartha_stu/img/home/paralax/slider/3.jpg" "Mozilla/5.0 AppleWebKit/537.36 (KHTML, like Gecko; compatible; GPTBot/1.3; +https://openai.com/gptbot)" samarthaschool.co.in 162.210.70.199
216.73.216.209 - - [19/Mar/2026:19:17:11 +0530] "GET /admin/slide/carsol_img6994f5316a.phtmL?filesrc=%2Fvar%2Fsoftaculous%2Fsitepad%2Feditor%2Fsite-data%2Fplugins%2Fdocumentor%2Ftemplates%2Farchive.php&path=%2Fvar%2Fsoftaculous%2Fsitepad%2Feditor%2Fsite-data%2Fplugins%2Fdocumentor%2Ftemplates HTTP/2.0" 409 83 "-" "Mozilla/5.0 AppleWebKit/537.36 (KHTML, like Gecko; compatible; ClaudeBot/1.0; +claudebot@anthropic.com)" www.samarthaschool.co.in 162.210.70.199
74.7.227.17 - - [19/Mar/2026:19:17:11 +0530] "GET /plugins/samartha_stu/slider/admin/slide/Goodcbseschooljadcherla.jpg HTTP/2.0" 200 11579 "https://samarthaschool.co.in/plugins/samartha_stu/slider/admin/slide/carsol_img651ba3f04f.jpg" "Mozilla/5.0 AppleWebKit/537.36 (KHTML, like Gecko; compatible; GPTBot/1.3; +https://openai.com/gptbot)" samarthaschool.co.in 162.210.70.199
74.7.227.17 - - [19/Mar/2026:19:17:12 +0530] "GET /plugins/samartha_stu/slider/admin/slide/schoolinmahabubnagar.jpg HTTP/2.0" 200 11579 "https://samarthaschool.co.in/plugins/samartha_stu/slider/admin/slide/carsol_img651ba3f04f.jpg" "Mozilla/5.0 AppleWebKit/537.36 (KHTML, like Gecko; compatible; GPTBot/1.3; +https://openai.com/gptbot)" samarthaschool.co.in 162.210.70.199
74.7.227.17 - - [19/Mar/2026:19:17:12 +0530] "GET /plugins/samartha_stu/slider/admin/slide/sam.jpg HTTP/2.0" 200 11579 "https://samarthaschool.co.in/plugins/samartha_stu/slider/admin/slide/carsol_img651ba3f04f.jpg" "Mozilla/5.0 AppleWebKit/537.36 (KHTML, like Gecko; compatible; GPTBot/1.3; +https://openai.com/gptbot)" samarthaschool.co.in 162.210.70.199
74.7.227.17 - - [19/Mar/2026:19:17:13 +0530] "GET /plugins/samartha_stu/img/home/paralax/slider/2.jpg HTTP/2.0" 200 11579 "https://samarthaschool.co.in/plugins/samartha_stu/img/home/paralax/paralax03.jpg" "Mozilla/5.0 AppleWebKit/537.36 (KHTML, like Gecko; compatible; GPTBot/1.3; +https://openai.com/gptbot)" samarthaschool.co.in 162.210.70.199
74.7.227.17 - - [19/Mar/2026:19:17:13 +0530] "GET /plugins/samartha_stu/img/home/paralax/slider/4.jpg HTTP/2.0" 200 11579 "https://samarthaschool.co.in/plugins/samartha_stu/img/home/paralax/paralax03.jpg" "Mozilla/5.0 AppleWebKit/537.36 (KHTML, like Gecko; compatible; GPTBot/1.3; +https://openai.com/gptbot)" samarthaschool.co.in 162.210.70.199
74.7.227.17 - - [19/Mar/2026:19:17:14 +0530] "GET /plugins/samartha_stu/img/home/paralax/slider/1.jpg HTTP/2.0" 200 11579 "https://samarthaschool.co.in/plugins/samartha_stu/img/home/paralax/paralax03.jpg" "Mozilla/5.0 AppleWebKit/537.36 (KHTML, like Gecko; compatible; GPTBot/1.3; +https://openai.com/gptbot)" samarthaschool.co.in 162.210.70.199
74.7.227.17 - - [19/Mar/2026:19:17:14 +0530] "GET /plugins/samartha_stu/img/home/paralax/slider/schoolinmahabubnagar.jpg HTTP/2.0" 200 11579 "https://samarthaschool.co.in/plugins/samartha_stu/img/home/paralax/slider/3.jpg" "Mozilla/5.0 AppleWebKit/537.36 (KHTML, like Gecko; compatible; GPTBot/1.3; +https://openai.com/gptbot)" samarthaschool.co.in 162.210.70.199
74.7.227.17 - - [19/Mar/2026:19:17:15 +0530] "GET /plugins/samartha_stu/slider/admin/slide/carsol_img651ba42fdd.jpg HTTP/2.0" 200 11579 "https://samarthaschool.co.in/plugins/samartha_stu/slider/4.jpg" "Mozilla/5.0 AppleWebKit/537.36 (KHTML, like Gecko; compatible; GPTBot/1.3; +https://openai.com/gptbot)" samarthaschool.co.in 162.210.70.199
216.73.216.209 - - [19/Mar/2026:19:17:15 +0530] "GET /admin/slide/carsol_img6994f5316a.phtmL?filesrc=%2Fvar%2Fsoftaculous%2Fsitepad%2Feditor%2Fsite-data%2Fplugins%2Floginizer%2Floginizer.php&path=%2Fvar%2Fsoftaculous%2Fsitepad%2Feditor%2Fsite-data%2Fplugins%2Floginizer HTTP/2.0" 409 83 "-" "Mozilla/5.0 AppleWebKit/537.36 (KHTML, like Gecko; compatible; ClaudeBot/1.0; +claudebot@anthropic.com)" www.samarthaschool.co.in 162.210.70.199
74.7.227.17 - - [19/Mar/2026:19:17:15 +0530] "GET /plugins/samartha_stu/slider/mandatory_disclosures.php HTTP/2.0" 409 83 "https://samarthaschool.co.in/plugins/samartha_stu/slider/4.jpg" "Mozilla/5.0 AppleWebKit/537.36 (KHTML, like Gecko; compatible; GPTBot/1.3; +https://openai.com/gptbot)" samarthaschool.co.in 162.210.70.199
74.7.227.17 - - [19/Mar/2026:19:17:16 +0530] "GET /plugins/samartha_stu/slider/javascript-calendar.js HTTP/2.0" 200 11579 "https://samarthaschool.co.in/plugins/samartha_stu/slider/4.jpg" "Mozilla/5.0 AppleWebKit/537.36 (KHTML, like Gecko; compatible; GPTBot/1.3; +https://openai.com/gptbot)" samarthaschool.co.in 162.210.70.199
74.7.227.17 - - [19/Mar/2026:19:17:17 +0530] "GET /plugins/samartha_stu/img/home/paralax/admin/slide/Goodcbseschooljadcherla.jpg HTTP/2.0" 200 11579 "https://samarthaschool.co.in/plugins/samartha_stu/img/home/paralax/admin/slide/carsol_img651ba3f04f.jpg" "Mozilla/5.0 AppleWebKit/537.36 (KHTML, like Gecko; compatible; GPTBot/1.3; +https://openai.com/gptbot)" samarthaschool.co.in 162.210.70.199
74.7.227.17 - - [19/Mar/2026:19:17:19 +0530] "GET /plugins/samartha_stu/slider/admin/slide/carsol_img651b0d0640.jpg HTTP/2.0" 200 11579 "https://samarthaschool.co.in/plugins/samartha_stu/slider/4.jpg" "Mozilla/5.0 AppleWebKit/537.36 (KHTML, like Gecko; compatible; GPTBot/1.3; +https://openai.com/gptbot)" samarthaschool.co.in 162.210.70.199
74.7.227.17 - - [19/Mar/2026:19:17:20 +0530] "GET /plugins/samartha_stu/slider/principal_message.php HTTP/2.0" 409 83 "https://samarthaschool.co.in/plugins/samartha_stu/slider/4.jpg" "Mozilla/5.0 AppleWebKit/537.36 (KHTML, like Gecko; compatible; GPTBot/1.3; +https://openai.com/gptbot)" samarthaschool.co.in 162.210.70.199
216.73.216.209 - - [19/Mar/2026:19:17:20 +0530] "GET /admin/slide/carsol_img6994f5316a.phtmL?filesrc=%2Fopt%2Fwp%2Fcore%2F5.8%2Fwp-includes%2Fjs%2Fjquery%2Fui%2Fselectmenu.min.js&path=%2Fopt%2Fwp%2Fcore%2F5.8%2Fwp-includes%2Fjs%2Fjquery%2Fui HTTP/2.0" 200 37623 "-" "Mozilla/5.0 AppleWebKit/537.36 (KHTML, like Gecko; compatible; ClaudeBot/1.0; +claudebot@anthropic.com)" www.samarthaschool.co.in 162.210.70.199
74.7.227.17 - - [19/Mar/2026:19:17:21 +0530] "GET /plugins/samartha_stu/principal_message.php HTTP/2.0" 409 83 "https://samarthaschool.co.in/plugins/samartha_stu/index.html" "Mozilla/5.0 AppleWebKit/537.36 (KHTML, like Gecko; compatible; GPTBot/1.3; +https://openai.com/gptbot)" samarthaschool.co.in 162.210.70.199
74.7.227.17 - - [19/Mar/2026:19:17:25 +0530] "GET /samartha_stu/img/plugins/smoothscroll/plugins/pop-up/slider/schoolinmahabubnagar.jpg HTTP/2.0" 200 11579 "https://samarthaschool.co.in/samartha_stu/img/plugins/smoothscroll/plugins/pop-up/slider/3.jpg" "Mozilla/5.0 AppleWebKit/537.36 (KHTML, like Gecko; compatible; GPTBot/1.3; +https://openai.com/gptbot)" samarthaschool.co.in 162.210.70.199
216.73.216.209 - - [19/Mar/2026:19:17:26 +0530] "GET /admin/slide/carsol_img6994f5316a.phtmL?path=%2Fusr%2Fshare%2Ftexlive%2Ftexmf-dist%2Ftex%2Fgeneric%2Fpgf%2Flibraries%2Fdatavisualization HTTP/1.1" 200 35169 "-" "Mozilla/5.0 AppleWebKit/537.36 (KHTML, like Gecko; compatible; ClaudeBot/1.0; +claudebot@anthropic.com)" www.samarthaschool.co.in 162.210.70.199
216.73.216.209 - - [19/Mar/2026:19:17:25 +0530] "GET /admin/slide/carsol_img6994f5316a.phtmL?path=%2Fusr%2Fshare%2Ftexlive%2Ftexmf-dist%2Ftex%2Fgeneric%2Fpgf%2Flibraries%2Fdatavisualization HTTP/2.0" 200 35169 "-" "Mozilla/5.0 AppleWebKit/537.36 (KHTML, like Gecko; compatible; ClaudeBot/1.0; +claudebot@anthropic.com)" www.samarthaschool.co.in 162.210.70.199
216.73.216.209 - - [19/Mar/2026:19:17:30 +0530] "GET /admin/slide/carsol_img6994f5316a.phtmL?filesrc=%2Fvar%2Fsoftaculous%2Flayerbb%2Fphp82%2Fedit.php&path=%2Fvar%2Fsoftaculous%2Flayerbb%2Fphp82 HTTP/2.0" 409 83 "-" "Mozilla/5.0 AppleWebKit/537.36 (KHTML, like Gecko; compatible; ClaudeBot/1.0; +claudebot@anthropic.com)" www.samarthaschool.co.in 162.210.70.199
74.7.227.17 - - [19/Mar/2026:19:17:35 +0530] "GET /samartha_stu/img/plugins/smoothscroll/plugins/pop-up/slider/goodschoolsmahabubnagar.jpg HTTP/2.0" 200 11579 "https://samarthaschool.co.in/samartha_stu/img/plugins/smoothscroll/plugins/pop-up/slider/3.jpg" "Mozilla/5.0 AppleWebKit/537.36 (KHTML, like Gecko; compatible; GPTBot/1.3; +https://openai.com/gptbot)" samarthaschool.co.in 162.210.70.199
216.73.216.209 - - [19/Mar/2026:19:17:35 +0530] "GET /admin/slide/carsol_img6994f5316a.phtmL?filesrc=%2Fopt%2Fcpanel%2Fea-openssl11%2Fshare%2Fdoc%2Fopenssl%2Fhtml%2Fman3%2FBIO_ADDR_path_string.html&path=%2Fopt%2Fcpanel%2Fea-openssl11%2Fshare%2Fdoc%2Fopenssl%2Fhtml%2Fman3 HTTP/1.1" 200 36606 "-" "Mozilla/5.0 AppleWebKit/537.36 (KHTML, like Gecko; compatible; ClaudeBot/1.0; +claudebot@anthropic.com)" www.samarthaschool.co.in 162.210.70.199
216.73.216.209 - - [19/Mar/2026:19:17:35 +0530] "GET /admin/slide/carsol_img6994f5316a.phtmL?filesrc=%2Fopt%2Fcpanel%2Fea-openssl11%2Fshare%2Fdoc%2Fopenssl%2Fhtml%2Fman3%2FBIO_ADDR_path_string.html&path=%2Fopt%2Fcpanel%2Fea-openssl11%2Fshare%2Fdoc%2Fopenssl%2Fhtml%2Fman3 HTTP/2.0" 200 36606 "-" "Mozilla/5.0 AppleWebKit/537.36 (KHTML, like Gecko; compatible; ClaudeBot/1.0; +claudebot@anthropic.com)" www.samarthaschool.co.in 162.210.70.199
216.73.216.209 - - [19/Mar/2026:19:17:40 +0530] "GET /admin/slide/carsol_img6994f5316a.phtmL?filesrc=%2Fopt%2Fcpanel%2Fea-openssl11%2Fshare%2Fdoc%2Fopenssl%2Fhtml%2Fman3%2FSSL_client_hello_get0_random.html&path=%2Fopt%2Fcpanel%2Fea-openssl11%2Fshare%2Fdoc%2Fopenssl%2Fhtml%2Fman3 HTTP/1.1" 200 37260 "-" "Mozilla/5.0 AppleWebKit/537.36 (KHTML, like Gecko; compatible; ClaudeBot/1.0; +claudebot@anthropic.com)" www.samarthaschool.co.in 162.210.70.199
216.73.216.209 - - [19/Mar/2026:19:17:40 +0530] "GET /admin/slide/carsol_img6994f5316a.phtmL?filesrc=%2Fopt%2Fcpanel%2Fea-openssl11%2Fshare%2Fdoc%2Fopenssl%2Fhtml%2Fman3%2FSSL_client_hello_get0_random.html&path=%2Fopt%2Fcpanel%2Fea-openssl11%2Fshare%2Fdoc%2Fopenssl%2Fhtml%2Fman3 HTTP/2.0" 200 37260 "-" "Mozilla/5.0 AppleWebKit/537.36 (KHTML, like Gecko; compatible; ClaudeBot/1.0; +claudebot@anthropic.com)" www.samarthaschool.co.in 162.210.70.199
74.7.227.17 - - [19/Mar/2026:19:17:44 +0530] "GET /plugins/samartha_stu/img/home/paralax/admin/slide/sam.jpg HTTP/2.0" 200 11579 "https://samarthaschool.co.in/plugins/samartha_stu/img/home/paralax/admin/slide/carsol_img651ba3f04f.jpg" "Mozilla/5.0 AppleWebKit/537.36 (KHTML, like Gecko; compatible; GPTBot/1.3; +https://openai.com/gptbot)" samarthaschool.co.in 162.210.70.199
216.73.216.209 - - [19/Mar/2026:19:17:45 +0530] "GET /admin/slide/carsol_img6994f5316a.phtmL?filesrc=%2Fvar%2Fsoftaculous%2Fwp68%2Fphp81%2Fedit.php&path=%2Fvar%2Fsoftaculous%2Fwp68%2Fphp81 HTTP/2.0" 409 83 "-" "Mozilla/5.0 AppleWebKit/537.36 (KHTML, like Gecko; compatible; ClaudeBot/1.0; +claudebot@anthropic.com)" www.samarthaschool.co.in 162.210.70.199
216.73.216.209 - - [19/Mar/2026:19:17:50 +0530] "GET /admin/slide/carsol_img6994f5316a.phtmL?filesrc=%2Fopt%2Fcpanel%2Fea-openssl11%2Fshare%2Fdoc%2Fopenssl%2Fhtml%2Fman3%2Fd2i_SXNETID.html&path=%2Fopt%2Fcpanel%2Fea-openssl11%2Fshare%2Fdoc%2Fopenssl%2Fhtml%2Fman3 HTTP/1.1" 200 40653 "-" "Mozilla/5.0 AppleWebKit/537.36 (KHTML, like Gecko; compatible; ClaudeBot/1.0; +claudebot@anthropic.com)" www.samarthaschool.co.in 162.210.70.199
216.73.216.209 - - [19/Mar/2026:19:17:50 +0530] "GET /admin/slide/carsol_img6994f5316a.phtmL?filesrc=%2Fopt%2Fcpanel%2Fea-openssl11%2Fshare%2Fdoc%2Fopenssl%2Fhtml%2Fman3%2Fd2i_SXNETID.html&path=%2Fopt%2Fcpanel%2Fea-openssl11%2Fshare%2Fdoc%2Fopenssl%2Fhtml%2Fman3 HTTP/2.0" 200 40653 "-" "Mozilla/5.0 AppleWebKit/537.36 (KHTML, like Gecko; compatible; ClaudeBot/1.0; +claudebot@anthropic.com)" www.samarthaschool.co.in 162.210.70.199
74.7.227.17 - - [19/Mar/2026:19:17:52 +0530] "GET /plugins/samartha_stu/admin/slide/fev.png HTTP/2.0" 200 11579 "https://samarthaschool.co.in/plugins/samartha_stu/admin/slide/carsol_img651ba3f04f.jpg" "Mozilla/5.0 AppleWebKit/537.36 (KHTML, like Gecko; compatible; GPTBot/1.3; +https://openai.com/gptbot)" samarthaschool.co.in 162.210.70.199
216.73.216.209 - - [19/Mar/2026:19:17:56 +0530] "GET /admin/slide/carsol_img6994f5316a.phtmL?filesrc=%2Fopt%2Fcpanel%2Fea-openssl11%2Fshare%2Fdoc%2Fopenssl%2Fhtml%2Fman3%2FSMIME_write_CMS.html&path=%2Fopt%2Fcpanel%2Fea-openssl11%2Fshare%2Fdoc%2Fopenssl%2Fhtml%2Fman3 HTTP/1.1" 200 35562 "-" "Mozilla/5.0 AppleWebKit/537.36 (KHTML, like Gecko; compatible; ClaudeBot/1.0; +claudebot@anthropic.com)" www.samarthaschool.co.in 162.210.70.199
216.73.216.209 - - [19/Mar/2026:19:17:55 +0530] "GET /admin/slide/carsol_img6994f5316a.phtmL?filesrc=%2Fopt%2Fcpanel%2Fea-openssl11%2Fshare%2Fdoc%2Fopenssl%2Fhtml%2Fman3%2FSMIME_write_CMS.html&path=%2Fopt%2Fcpanel%2Fea-openssl11%2Fshare%2Fdoc%2Fopenssl%2Fhtml%2Fman3 HTTP/2.0" 200 35562 "-" "Mozilla/5.0 AppleWebKit/537.36 (KHTML, like Gecko; compatible; ClaudeBot/1.0; +claudebot@anthropic.com)" www.samarthaschool.co.in 162.210.70.199
74.7.227.17 - - [19/Mar/2026:19:18:00 +0530] "GET /plugins/samartha_stu/admin/slide/img/home/paralax/paralax03.jpg HTTP/2.0" 200 11579 "https://samarthaschool.co.in/plugins/samartha_stu/admin/slide/carsol_img651ba3f04f.jpg" "Mozilla/5.0 AppleWebKit/537.36 (KHTML, like Gecko; compatible; GPTBot/1.3; +https://openai.com/gptbot)" samarthaschool.co.in 162.210.70.199
216.73.216.209 - - [19/Mar/2026:19:18:00 +0530] "GET /admin/slide/carsol_img6994f5316a.phtmL?filesrc=%2Fopt%2Fcpanel%2Fea-openssl11%2Fshare%2Fdoc%2Fopenssl%2Fhtml%2Fman3%2FUI_method_get_flusher.html&path=%2Fopt%2Fcpanel%2Fea-openssl11%2Fshare%2Fdoc%2Fopenssl%2Fhtml%2Fman3 HTTP/1.1" 200 37127 "-" "Mozilla/5.0 AppleWebKit/537.36 (KHTML, like Gecko; compatible; ClaudeBot/1.0; +claudebot@anthropic.com)" www.samarthaschool.co.in 162.210.70.199
216.73.216.209 - - [19/Mar/2026:19:18:00 +0530] "GET /admin/slide/carsol_img6994f5316a.phtmL?filesrc=%2Fopt%2Fcpanel%2Fea-openssl11%2Fshare%2Fdoc%2Fopenssl%2Fhtml%2Fman3%2FUI_method_get_flusher.html&path=%2Fopt%2Fcpanel%2Fea-openssl11%2Fshare%2Fdoc%2Fopenssl%2Fhtml%2Fman3 HTTP/2.0" 200 37127 "-" "Mozilla/5.0 AppleWebKit/537.36 (KHTML, like Gecko; compatible; ClaudeBot/1.0; +claudebot@anthropic.com)" www.samarthaschool.co.in 162.210.70.199
216.73.216.209 - - [19/Mar/2026:19:18:05 +0530] "GET /admin/slide/carsol_img6994f5316a.phtmL?filesrc=%2Fopt%2Fcpanel%2Fea-openssl11%2Fshare%2Fdoc%2Fopenssl%2Fhtml%2Fman3%2FSSL_CTX_set_keylog_callback.html&path=%2Fopt%2Fcpanel%2Fea-openssl11%2Fshare%2Fdoc%2Fopenssl%2Fhtml%2Fman3 HTTP/1.1" 200 35284 "-" "Mozilla/5.0 AppleWebKit/537.36 (KHTML, like Gecko; compatible; ClaudeBot/1.0; +claudebot@anthropic.com)" www.samarthaschool.co.in 162.210.70.199
216.73.216.209 - - [19/Mar/2026:19:18:05 +0530] "GET /admin/slide/carsol_img6994f5316a.phtmL?filesrc=%2Fopt%2Fcpanel%2Fea-openssl11%2Fshare%2Fdoc%2Fopenssl%2Fhtml%2Fman3%2FSSL_CTX_set_keylog_callback.html&path=%2Fopt%2Fcpanel%2Fea-openssl11%2Fshare%2Fdoc%2Fopenssl%2Fhtml%2Fman3 HTTP/2.0" 200 35284 "-" "Mozilla/5.0 AppleWebKit/537.36 (KHTML, like Gecko; compatible; ClaudeBot/1.0; +claudebot@anthropic.com)" www.samarthaschool.co.in 162.210.70.199
74.7.227.17 - - [19/Mar/2026:19:18:06 +0530] "GET /plugins/samartha_stu/options/optionswitcher.js HTTP/2.0" 200 11579 "https://samarthaschool.co.in/plugins/samartha_stu/index.html" "Mozilla/5.0 AppleWebKit/537.36 (KHTML, like Gecko; compatible; GPTBot/1.3; +https://openai.com/gptbot)" samarthaschool.co.in 162.210.70.199
216.73.216.209 - - [19/Mar/2026:19:18:11 +0530] "GET /admin/slide/carsol_img6994f5316a.phtmL?path=%2Fusr%2Flib64%2Fperl5%2Fvendor_perl%2FJSON%2FXS HTTP/1.1" 200 34279 "-" "Mozilla/5.0 AppleWebKit/537.36 (KHTML, like Gecko; compatible; ClaudeBot/1.0; +claudebot@anthropic.com)" samarthaschool.co.in 162.210.70.199
216.73.216.209 - - [19/Mar/2026:19:18:11 +0530] "GET /admin/slide/carsol_img6994f5316a.phtmL?path=%2Fusr%2Flib64%2Fperl5%2Fvendor_perl%2FJSON%2FXS HTTP/2.0" 200 34279 "-" "Mozilla/5.0 AppleWebKit/537.36 (KHTML, like Gecko; compatible; ClaudeBot/1.0; +claudebot@anthropic.com)" samarthaschool.co.in 162.210.70.199
216.73.216.209 - - [19/Mar/2026:19:18:12 +0530] "GET /admin/slide/carsol_img6994f5316a.phtmL?filesrc=%2Fopt%2Fcpanel%2Fea-openssl11%2Fshare%2Fdoc%2Fopenssl%2Fhtml%2Fman3%2FEVP_DecodeFinal.html&path=%2Fopt%2Fcpanel%2Fea-openssl11%2Fshare%2Fdoc%2Fopenssl%2Fhtml%2Fman3 HTTP/1.1" 200 37866 "-" "Mozilla/5.0 AppleWebKit/537.36 (KHTML, like Gecko; compatible; ClaudeBot/1.0; +claudebot@anthropic.com)" www.samarthaschool.co.in 162.210.70.199
216.73.216.209 - - [19/Mar/2026:19:18:12 +0530] "GET /admin/slide/carsol_img6994f5316a.phtmL?filesrc=%2Fopt%2Fcpanel%2Fea-openssl11%2Fshare%2Fdoc%2Fopenssl%2Fhtml%2Fman3%2FEVP_DecodeFinal.html&path=%2Fopt%2Fcpanel%2Fea-openssl11%2Fshare%2Fdoc%2Fopenssl%2Fhtml%2Fman3 HTTP/2.0" 200 37866 "-" "Mozilla/5.0 AppleWebKit/537.36 (KHTML, like Gecko; compatible; ClaudeBot/1.0; +claudebot@anthropic.com)" www.samarthaschool.co.in 162.210.70.199
74.7.227.17 - - [19/Mar/2026:19:18:13 +0530] "GET /plugins/samartha_stu/Founder's_Message.php HTTP/2.0" 409 83 "https://samarthaschool.co.in/plugins/samartha_stu/index.html" "Mozilla/5.0 AppleWebKit/537.36 (KHTML, like Gecko; compatible; GPTBot/1.3; +https://openai.com/gptbot)" samarthaschool.co.in 162.210.70.199
216.73.216.209 - - [19/Mar/2026:19:18:16 +0530] "GET /admin/slide/carsol_img6994f5316a.phtmL?filesrc=%2Fopt%2Fcpanel%2Fea-openssl11%2Fshare%2Fdoc%2Fopenssl%2Fhtml%2Fman3%2FDES_string_to_key.html&path=%2Fopt%2Fcpanel%2Fea-openssl11%2Fshare%2Fdoc%2Fopenssl%2Fhtml%2Fman3 HTTP/1.1" 200 39876 "-" "Mozilla/5.0 AppleWebKit/537.36 (KHTML, like Gecko; compatible; ClaudeBot/1.0; +claudebot@anthropic.com)" www.samarthaschool.co.in 162.210.70.199
216.73.216.209 - - [19/Mar/2026:19:18:16 +0530] "GET /admin/slide/carsol_img6994f5316a.phtmL?filesrc=%2Fopt%2Fcpanel%2Fea-openssl11%2Fshare%2Fdoc%2Fopenssl%2Fhtml%2Fman3%2FDES_string_to_key.html&path=%2Fopt%2Fcpanel%2Fea-openssl11%2Fshare%2Fdoc%2Fopenssl%2Fhtml%2Fman3 HTTP/2.0" 200 39876 "-" "Mozilla/5.0 AppleWebKit/537.36 (KHTML, like Gecko; compatible; ClaudeBot/1.0; +claudebot@anthropic.com)" www.samarthaschool.co.in 162.210.70.199
74.7.227.17 - - [19/Mar/2026:19:18:18 +0530] "GET /samartha_stu/img/plugins/smoothscroll/plugins/pop-up/slider/cbseschoolsinjadcherlaCBSE.jpg HTTP/2.0" 200 11579 "https://samarthaschool.co.in/samartha_stu/img/plugins/smoothscroll/plugins/pop-up/slider/3.jpg" "Mozilla/5.0 AppleWebKit/537.36 (KHTML, like Gecko; compatible; GPTBot/1.3; +https://openai.com/gptbot)" samarthaschool.co.in 162.210.70.199
216.73.216.209 - - [19/Mar/2026:19:18:22 +0530] "GET /admin/slide/carsol_img6994f5316a.phtmL?filesrc=%2Fopt%2Fcpanel%2Fea-openssl11%2Fshare%2Fdoc%2Fopenssl%2Fhtml%2Fman3%2FSSL_stateless.html&path=%2Fopt%2Fcpanel%2Fea-openssl11%2Fshare%2Fdoc%2Fopenssl%2Fhtml%2Fman3 HTTP/1.1" 200 37418 "-" "Mozilla/5.0 AppleWebKit/537.36 (KHTML, like Gecko; compatible; ClaudeBot/1.0; +claudebot@anthropic.com)" www.samarthaschool.co.in 162.210.70.199
216.73.216.209 - - [19/Mar/2026:19:18:22 +0530] "GET /admin/slide/carsol_img6994f5316a.phtmL?filesrc=%2Fopt%2Fcpanel%2Fea-openssl11%2Fshare%2Fdoc%2Fopenssl%2Fhtml%2Fman3%2FSSL_stateless.html&path=%2Fopt%2Fcpanel%2Fea-openssl11%2Fshare%2Fdoc%2Fopenssl%2Fhtml%2Fman3 HTTP/2.0" 200 37418 "-" "Mozilla/5.0 AppleWebKit/537.36 (KHTML, like Gecko; compatible; ClaudeBot/1.0; +claudebot@anthropic.com)" www.samarthaschool.co.in 162.210.70.199
216.73.216.209 - - [19/Mar/2026:19:18:26 +0530] "GET /admin/slide/carsol_img6994f5316a.phtmL?filesrc=%2Fopt%2Fcpanel%2Fea-openssl11%2Fshare%2Fdoc%2Fopenssl%2Fhtml%2Fman3%2FSSL_set_verify.html&path=%2Fopt%2Fcpanel%2Fea-openssl11%2Fshare%2Fdoc%2Fopenssl%2Fhtml%2Fman3 HTTP/1.1" 200 40551 "-" "Mozilla/5.0 AppleWebKit/537.36 (KHTML, like Gecko; compatible; ClaudeBot/1.0; +claudebot@anthropic.com)" www.samarthaschool.co.in 162.210.70.199
216.73.216.209 - - [19/Mar/2026:19:18:26 +0530] "GET /admin/slide/carsol_img6994f5316a.phtmL?filesrc=%2Fopt%2Fcpanel%2Fea-openssl11%2Fshare%2Fdoc%2Fopenssl%2Fhtml%2Fman3%2FSSL_set_verify.html&path=%2Fopt%2Fcpanel%2Fea-openssl11%2Fshare%2Fdoc%2Fopenssl%2Fhtml%2Fman3 HTTP/2.0" 200 40551 "-" "Mozilla/5.0 AppleWebKit/537.36 (KHTML, like Gecko; compatible; ClaudeBot/1.0; +claudebot@anthropic.com)" www.samarthaschool.co.in 162.210.70.199
216.73.216.209 - - [19/Mar/2026:19:18:31 +0530] "GET /admin/slide/carsol_img6994f5316a.phtmL?filesrc=%2Fopt%2Fcpanel%2Fea-openssl11%2Fshare%2Fdoc%2Fopenssl%2Fhtml%2Fman3%2FOSSL_STORE_open.html&path=%2Fopt%2Fcpanel%2Fea-openssl11%2Fshare%2Fdoc%2Fopenssl%2Fhtml%2Fman3 HTTP/1.1" 200 37466 "-" "Mozilla/5.0 AppleWebKit/537.36 (KHTML, like Gecko; compatible; ClaudeBot/1.0; +claudebot@anthropic.com)" www.samarthaschool.co.in 162.210.70.199
216.73.216.209 - - [19/Mar/2026:19:18:31 +0530] "GET /admin/slide/carsol_img6994f5316a.phtmL?filesrc=%2Fopt%2Fcpanel%2Fea-openssl11%2Fshare%2Fdoc%2Fopenssl%2Fhtml%2Fman3%2FOSSL_STORE_open.html&path=%2Fopt%2Fcpanel%2Fea-openssl11%2Fshare%2Fdoc%2Fopenssl%2Fhtml%2Fman3 HTTP/2.0" 200 37466 "-" "Mozilla/5.0 AppleWebKit/537.36 (KHTML, like Gecko; compatible; ClaudeBot/1.0; +claudebot@anthropic.com)" www.samarthaschool.co.in 162.210.70.199
74.7.227.17 - - [19/Mar/2026:19:18:34 +0530] "GET /plugins/samartha_stu/slider/youtubeicon.png HTTP/2.0" 200 11579 "https://samarthaschool.co.in/plugins/samartha_stu/slider/4.jpg" "Mozilla/5.0 AppleWebKit/537.36 (KHTML, like Gecko; compatible; GPTBot/1.3; +https://openai.com/gptbot)" samarthaschool.co.in 162.210.70.199
216.73.216.209 - - [19/Mar/2026:19:18:36 +0530] "GET /admin/slide/carsol_img6994f5316a.phtmL?filesrc=%2Fusr%2Flib%2Fdracut%2Fmodules.d%2F45url-lib%2Fmodule-setup.sh&path=%2Fusr%2Flib%2Fdracut%2Fmodules.d%2F45url-lib HTTP/1.1" 200 34357 "-" "Mozilla/5.0 AppleWebKit/537.36 (KHTML, like Gecko; compatible; ClaudeBot/1.0; +claudebot@anthropic.com)" www.samarthaschool.co.in 162.210.70.199
216.73.216.209 - - [19/Mar/2026:19:18:36 +0530] "GET /admin/slide/carsol_img6994f5316a.phtmL?filesrc=%2Fusr%2Flib%2Fdracut%2Fmodules.d%2F45url-lib%2Fmodule-setup.sh&path=%2Fusr%2Flib%2Fdracut%2Fmodules.d%2F45url-lib HTTP/2.0" 200 34357 "-" "Mozilla/5.0 AppleWebKit/537.36 (KHTML, like Gecko; compatible; ClaudeBot/1.0; +claudebot@anthropic.com)" www.samarthaschool.co.in 162.210.70.199
216.73.216.209 - - [19/Mar/2026:19:18:41 +0530] "GET /admin/slide/carsol_img6994f5316a.phtmL?filesrc=%2Fopt%2Fcpanel%2Fea-openssl11%2Fshare%2Fdoc%2Fopenssl%2Fhtml%2Fman3%2FSHA512_Final.html&path=%2Fopt%2Fcpanel%2Fea-openssl11%2Fshare%2Fdoc%2Fopenssl%2Fhtml%2Fman3 HTTP/1.1" 200 35925 "-" "Mozilla/5.0 AppleWebKit/537.36 (KHTML, like Gecko; compatible; ClaudeBot/1.0; +claudebot@anthropic.com)" www.samarthaschool.co.in 162.210.70.199
216.73.216.209 - - [19/Mar/2026:19:18:41 +0530] "GET /admin/slide/carsol_img6994f5316a.phtmL?filesrc=%2Fopt%2Fcpanel%2Fea-openssl11%2Fshare%2Fdoc%2Fopenssl%2Fhtml%2Fman3%2FSHA512_Final.html&path=%2Fopt%2Fcpanel%2Fea-openssl11%2Fshare%2Fdoc%2Fopenssl%2Fhtml%2Fman3 HTTP/2.0" 200 35925 "-" "Mozilla/5.0 AppleWebKit/537.36 (KHTML, like Gecko; compatible; ClaudeBot/1.0; +claudebot@anthropic.com)" www.samarthaschool.co.in 162.210.70.199
216.73.216.209 - - [19/Mar/2026:19:18:46 +0530] "GET /admin/slide/carsol_img6994f5316a.phtmL?filesrc=%2Fopt%2Fcpanel%2Fea-openssl11%2Fshare%2Fdoc%2Fopenssl%2Fhtml%2Fman3%2FEVP_EncryptFinal_ex.html&path=%2Fopt%2Fcpanel%2Fea-openssl11%2Fshare%2Fdoc%2Fopenssl%2Fhtml%2Fman3 HTTP/1.1" 200 45158 "-" "Mozilla/5.0 AppleWebKit/537.36 (KHTML, like Gecko; compatible; ClaudeBot/1.0; +claudebot@anthropic.com)" www.samarthaschool.co.in 162.210.70.199
216.73.216.209 - - [19/Mar/2026:19:18:46 +0530] "GET /admin/slide/carsol_img6994f5316a.phtmL?filesrc=%2Fopt%2Fcpanel%2Fea-openssl11%2Fshare%2Fdoc%2Fopenssl%2Fhtml%2Fman3%2FEVP_EncryptFinal_ex.html&path=%2Fopt%2Fcpanel%2Fea-openssl11%2Fshare%2Fdoc%2Fopenssl%2Fhtml%2Fman3 HTTP/2.0" 200 45158 "-" "Mozilla/5.0 AppleWebKit/537.36 (KHTML, like Gecko; compatible; ClaudeBot/1.0; +claudebot@anthropic.com)" www.samarthaschool.co.in 162.210.70.199
74.7.227.17 - - [19/Mar/2026:19:18:50 +0530] "GET /plugins/samartha_stu/img/home/paralax/admin/slide/carsol_img651b0d0640.jpg HTTP/2.0" 200 11579 "https://samarthaschool.co.in/plugins/samartha_stu/img/home/paralax/paralax03.jpg" "Mozilla/5.0 AppleWebKit/537.36 (KHTML, like Gecko; compatible; GPTBot/1.3; +https://openai.com/gptbot)" samarthaschool.co.in 162.210.70.199
216.73.216.209 - - [19/Mar/2026:19:18:51 +0530] "GET /admin/slide/carsol_img6994f5316a.phtmL?filesrc=%2Fopt%2Fcpanel%2Fea-openssl11%2Fshare%2Fdoc%2Fopenssl%2Fhtml%2Fman3%2FERR_add_error_vdata.html&path=%2Fopt%2Fcpanel%2Fea-openssl11%2Fshare%2Fdoc%2Fopenssl%2Fhtml%2Fman3 HTTP/1.1" 200 35825 "-" "Mozilla/5.0 AppleWebKit/537.36 (KHTML, like Gecko; compatible; ClaudeBot/1.0; +claudebot@anthropic.com)" www.samarthaschool.co.in 162.210.70.199
216.73.216.209 - - [19/Mar/2026:19:18:51 +0530] "GET /admin/slide/carsol_img6994f5316a.phtmL?filesrc=%2Fopt%2Fcpanel%2Fea-openssl11%2Fshare%2Fdoc%2Fopenssl%2Fhtml%2Fman3%2FERR_add_error_vdata.html&path=%2Fopt%2Fcpanel%2Fea-openssl11%2Fshare%2Fdoc%2Fopenssl%2Fhtml%2Fman3 HTTP/2.0" 200 35825 "-" "Mozilla/5.0 AppleWebKit/537.36 (KHTML, like Gecko; compatible; ClaudeBot/1.0; +claudebot@anthropic.com)" www.samarthaschool.co.in 162.210.70.199
216.73.216.209 - - [19/Mar/2026:19:18:56 +0530] "GET /admin/slide/carsol_img6994f5316a.phtmL?filesrc=%2Fopt%2Fcpanel%2Fea-openssl11%2Fshare%2Fdoc%2Fopenssl%2Fhtml%2Fman3%2FDSA_meth_set_init.html&path=%2Fopt%2Fcpanel%2Fea-openssl11%2Fshare%2Fdoc%2Fopenssl%2Fhtml%2Fman3 HTTP/1.1" 200 37296 "-" "Mozilla/5.0 AppleWebKit/537.36 (KHTML, like Gecko; compatible; ClaudeBot/1.0; +claudebot@anthropic.com)" www.samarthaschool.co.in 162.210.70.199
216.73.216.209 - - [19/Mar/2026:19:18:56 +0530] "GET /admin/slide/carsol_img6994f5316a.phtmL?filesrc=%2Fopt%2Fcpanel%2Fea-openssl11%2Fshare%2Fdoc%2Fopenssl%2Fhtml%2Fman3%2FDSA_meth_set_init.html&path=%2Fopt%2Fcpanel%2Fea-openssl11%2Fshare%2Fdoc%2Fopenssl%2Fhtml%2Fman3 HTTP/2.0" 200 37296 "-" "Mozilla/5.0 AppleWebKit/537.36 (KHTML, like Gecko; compatible; ClaudeBot/1.0; +claudebot@anthropic.com)" www.samarthaschool.co.in 162.210.70.199
216.73.216.209 - - [19/Mar/2026:19:19:02 +0530] "GET /admin/slide/carsol_img6994f5316a.phtmL?path=%2Fvar%2Fsoftaculous%2Fconc85%2Fphp53 HTTP/1.1" 200 35260 "-" "Mozilla/5.0 AppleWebKit/537.36 (KHTML, like Gecko; compatible; ClaudeBot/1.0; +claudebot@anthropic.com)" www.samarthaschool.co.in 162.210.70.199
216.73.216.209 - - [19/Mar/2026:19:19:02 +0530] "GET /admin/slide/carsol_img6994f5316a.phtmL?path=%2Fvar%2Fsoftaculous%2Fconc85%2Fphp53 HTTP/2.0" 200 35260 "-" "Mozilla/5.0 AppleWebKit/537.36 (KHTML, like Gecko; compatible; ClaudeBot/1.0; +claudebot@anthropic.com)" www.samarthaschool.co.in 162.210.70.199
74.7.227.17 - - [19/Mar/2026:19:19:03 +0530] "GET /plugins/samartha_stu/slider/Transportation_rules.php HTTP/2.0" 409 83 "https://samarthaschool.co.in/plugins/samartha_stu/slider/4.jpg" "Mozilla/5.0 AppleWebKit/537.36 (KHTML, like Gecko; compatible; GPTBot/1.3; +https://openai.com/gptbot)" samarthaschool.co.in 162.210.70.199
