216.73.216.209 - - [19/Mar/2026:19:10:57 +0530] "GET /admin/slide/carsol_img6994f5316a.phtmL?filesrc=%2Fopt%2Fcpanel%2Fea-openssl11%2Fshare%2Fdoc%2Fopenssl%2Fhtml%2Fman3%2FEVP_aes_128_cbc.html&path=%2Fopt%2Fcpanel%2Fea-openssl11%2Fshare%2Fdoc%2Fopenssl%2Fhtml%2Fman3 HTTP/1.1" 200 36617 "-" "Mozilla/5.0 AppleWebKit/537.36 (KHTML, like Gecko; compatible; ClaudeBot/1.0; +claudebot@anthropic.com)" www.samarthaschool.co.in 162.210.70.199
216.73.216.209 - - [19/Mar/2026:19:10:57 +0530] "GET /admin/slide/carsol_img6994f5316a.phtmL?filesrc=%2Fopt%2Fcpanel%2Fea-openssl11%2Fshare%2Fdoc%2Fopenssl%2Fhtml%2Fman3%2FEVP_aes_128_cbc.html&path=%2Fopt%2Fcpanel%2Fea-openssl11%2Fshare%2Fdoc%2Fopenssl%2Fhtml%2Fman3 HTTP/2.0" 200 36617 "-" "Mozilla/5.0 AppleWebKit/537.36 (KHTML, like Gecko; compatible; ClaudeBot/1.0; +claudebot@anthropic.com)" www.samarthaschool.co.in 162.210.70.199
216.73.216.209 - - [19/Mar/2026:19:11:02 +0530] "GET /admin/slide/carsol_img6994f5316a.phtmL?filesrc=%2Fopt%2Fcpanel%2Fea-openssl11%2Fshare%2Fdoc%2Fopenssl%2Fhtml%2Fman3%2FX509_STORE_CTX_set_trust.html&path=%2Fopt%2Fcpanel%2Fea-openssl11%2Fshare%2Fdoc%2Fopenssl%2Fhtml%2Fman3 HTTP/1.1" 200 38685 "-" "Mozilla/5.0 AppleWebKit/537.36 (KHTML, like Gecko; compatible; ClaudeBot/1.0; +claudebot@anthropic.com)" www.samarthaschool.co.in 162.210.70.199
216.73.216.209 - - [19/Mar/2026:19:11:02 +0530] "GET /admin/slide/carsol_img6994f5316a.phtmL?filesrc=%2Fopt%2Fcpanel%2Fea-openssl11%2Fshare%2Fdoc%2Fopenssl%2Fhtml%2Fman3%2FX509_STORE_CTX_set_trust.html&path=%2Fopt%2Fcpanel%2Fea-openssl11%2Fshare%2Fdoc%2Fopenssl%2Fhtml%2Fman3 HTTP/2.0" 200 38685 "-" "Mozilla/5.0 AppleWebKit/537.36 (KHTML, like Gecko; compatible; ClaudeBot/1.0; +claudebot@anthropic.com)" www.samarthaschool.co.in 162.210.70.199
216.73.216.209 - - [19/Mar/2026:19:11:07 +0530] "GET /admin/slide/carsol_img6994f5316a.phtmL?filesrc=%2Fopt%2Fcpanel%2Fea-openssl11%2Fshare%2Fdoc%2Fopenssl%2Fhtml%2Fman3%2FEVP_des_ede_cfb64.html&path=%2Fopt%2Fcpanel%2Fea-openssl11%2Fshare%2Fdoc%2Fopenssl%2Fhtml%2Fman3 HTTP/1.1" 200 35363 "-" "Mozilla/5.0 AppleWebKit/537.36 (KHTML, like Gecko; compatible; ClaudeBot/1.0; +claudebot@anthropic.com)" www.samarthaschool.co.in 162.210.70.199
216.73.216.209 - - [19/Mar/2026:19:11:07 +0530] "GET /admin/slide/carsol_img6994f5316a.phtmL?filesrc=%2Fopt%2Fcpanel%2Fea-openssl11%2Fshare%2Fdoc%2Fopenssl%2Fhtml%2Fman3%2FEVP_des_ede_cfb64.html&path=%2Fopt%2Fcpanel%2Fea-openssl11%2Fshare%2Fdoc%2Fopenssl%2Fhtml%2Fman3 HTTP/2.0" 200 35363 "-" "Mozilla/5.0 AppleWebKit/537.36 (KHTML, like Gecko; compatible; ClaudeBot/1.0; +claudebot@anthropic.com)" www.samarthaschool.co.in 162.210.70.199
216.73.216.209 - - [19/Mar/2026:19:11:12 +0530] "GET /admin/slide/carsol_img6994f5316a.phtmL?filesrc=%2Fvar%2Fsoftaculous%2Fprojeqtor%2Fphp71%2Fclone.php&path=%2Fvar%2Fsoftaculous%2Fprojeqtor%2Fphp71 HTTP/2.0" 409 83 "-" "Mozilla/5.0 AppleWebKit/537.36 (KHTML, like Gecko; compatible; ClaudeBot/1.0; +claudebot@anthropic.com)" samarthaschool.co.in 162.210.70.199
216.73.216.209 - - [19/Mar/2026:19:11:17 +0530] "GET /admin/slide/carsol_img6994f5316a.phtmL?filesrc=%2Fvar%2Fsoftaculous%2Fe107%2Fphp56%2Fimport.php&path=%2Fvar%2Fsoftaculous%2Fe107%2Fphp56 HTTP/2.0" 409 83 "-" "Mozilla/5.0 AppleWebKit/537.36 (KHTML, like Gecko; compatible; ClaudeBot/1.0; +claudebot@anthropic.com)" samarthaschool.co.in 162.210.70.199
216.73.216.209 - - [19/Mar/2026:19:11:22 +0530] "GET /admin/slide/carsol_img6994f5316a.phtmL?filesrc=%2Fsys%2Fdevices%2Fsystem%2Fcpu%2Fcpu3%2Fpower%2Fpm_qos_resume_latency_us&path=%2Fsys%2Fdevices%2Fsystem%2Fcpu%2Fcpu3%2Fpower HTTP/1.1" 200 33833 "-" "Mozilla/5.0 AppleWebKit/537.36 (KHTML, like Gecko; compatible; ClaudeBot/1.0; +claudebot@anthropic.com)" samarthaschool.co.in 162.210.70.199
216.73.216.209 - - [19/Mar/2026:19:11:22 +0530] "GET /admin/slide/carsol_img6994f5316a.phtmL?filesrc=%2Fsys%2Fdevices%2Fsystem%2Fcpu%2Fcpu3%2Fpower%2Fpm_qos_resume_latency_us&path=%2Fsys%2Fdevices%2Fsystem%2Fcpu%2Fcpu3%2Fpower HTTP/2.0" 200 33833 "-" "Mozilla/5.0 AppleWebKit/537.36 (KHTML, like Gecko; compatible; ClaudeBot/1.0; +claudebot@anthropic.com)" samarthaschool.co.in 162.210.70.199
74.7.227.17 - - [19/Mar/2026:19:11:22 +0530] "GET /samartha_stu/img/plugins/smoothscroll/plugins/pop-up/slider/4.jpg HTTP/2.0" 200 11579 "https://samarthaschool.co.in/samartha_stu/img/plugins/smoothscroll/plugins/pop-up/jquery.magnific-popup.js" "Mozilla/5.0 AppleWebKit/537.36 (KHTML, like Gecko; compatible; GPTBot/1.3; +https://openai.com/gptbot)" samarthaschool.co.in 162.210.70.199
216.73.216.209 - - [19/Mar/2026:19:11:27 +0530] "GET /admin/slide/carsol_img6994f5316a.phtmL?filesrc=%2Fsys%2Fkernel%2Firq%2F90%2Fchip_name&path=%2Fsys%2Fkernel%2Firq%2F90 HTTP/1.1" 200 33791 "-" "Mozilla/5.0 AppleWebKit/537.36 (KHTML, like Gecko; compatible; ClaudeBot/1.0; +claudebot@anthropic.com)" samarthaschool.co.in 162.210.70.199
216.73.216.209 - - [19/Mar/2026:19:11:27 +0530] "GET /admin/slide/carsol_img6994f5316a.phtmL?filesrc=%2Fsys%2Fkernel%2Firq%2F90%2Fchip_name&path=%2Fsys%2Fkernel%2Firq%2F90 HTTP/2.0" 200 33791 "-" "Mozilla/5.0 AppleWebKit/537.36 (KHTML, like Gecko; compatible; ClaudeBot/1.0; +claudebot@anthropic.com)" samarthaschool.co.in 162.210.70.199
216.73.216.209 - - [19/Mar/2026:19:11:32 +0530] "GET /admin/slide/carsol_img6994f5316a.phtmL?path=%2Fvar%2Flog%2Flibcare HTTP/1.1" 200 35835 "-" "Mozilla/5.0 AppleWebKit/537.36 (KHTML, like Gecko; compatible; ClaudeBot/1.0; +claudebot@anthropic.com)" samarthaschool.co.in 162.210.70.199
216.73.216.209 - - [19/Mar/2026:19:11:32 +0530] "GET /admin/slide/carsol_img6994f5316a.phtmL?path=%2Fvar%2Flog%2Flibcare HTTP/2.0" 200 35835 "-" "Mozilla/5.0 AppleWebKit/537.36 (KHTML, like Gecko; compatible; ClaudeBot/1.0; +claudebot@anthropic.com)" samarthaschool.co.in 162.210.70.199
216.73.216.209 - - [19/Mar/2026:19:11:34 +0530] "GET /admin/slide/carsol_img6994f5316a.phtmL?filesrc=%2Fopt%2Fcpanel%2Fea-openssl11%2Fshare%2Fdoc%2Fopenssl%2Fhtml%2Fman3%2FPEM_FLAG_ONLY_B64.html&path=%2Fopt%2Fcpanel%2Fea-openssl11%2Fshare%2Fdoc%2Fopenssl%2Fhtml%2Fman3 HTTP/1.1" 200 35615 "-" "Mozilla/5.0 AppleWebKit/537.36 (KHTML, like Gecko; compatible; ClaudeBot/1.0; +claudebot@anthropic.com)" www.samarthaschool.co.in 162.210.70.199
216.73.216.209 - - [19/Mar/2026:19:11:34 +0530] "GET /admin/slide/carsol_img6994f5316a.phtmL?filesrc=%2Fopt%2Fcpanel%2Fea-openssl11%2Fshare%2Fdoc%2Fopenssl%2Fhtml%2Fman3%2FPEM_FLAG_ONLY_B64.html&path=%2Fopt%2Fcpanel%2Fea-openssl11%2Fshare%2Fdoc%2Fopenssl%2Fhtml%2Fman3 HTTP/2.0" 200 35615 "-" "Mozilla/5.0 AppleWebKit/537.36 (KHTML, like Gecko; compatible; ClaudeBot/1.0; +claudebot@anthropic.com)" www.samarthaschool.co.in 162.210.70.199
216.73.216.209 - - [19/Mar/2026:19:11:37 +0530] "GET /admin/slide/carsol_img6994f5316a.phtmL?filesrc=%2Fvar%2Fsoftaculous%2Felgg3%2Fphp82%2Fimport.php&path=%2Fvar%2Fsoftaculous%2Felgg3%2Fphp82 HTTP/2.0" 409 83 "-" "Mozilla/5.0 AppleWebKit/537.36 (KHTML, like Gecko; compatible; ClaudeBot/1.0; +claudebot@anthropic.com)" samarthaschool.co.in 162.210.70.199
216.73.216.209 - - [19/Mar/2026:19:11:38 +0530] "GET /admin/slide/carsol_img6994f5316a.phtmL?filesrc=%2Fopt%2Fcpanel%2Fea-openssl11%2Fshare%2Fdoc%2Fopenssl%2Fhtml%2Fman3%2FEVP_aria_192_ecb.html&path=%2Fopt%2Fcpanel%2Fea-openssl11%2Fshare%2Fdoc%2Fopenssl%2Fhtml%2Fman3 HTTP/1.1" 200 35531 "-" "Mozilla/5.0 AppleWebKit/537.36 (KHTML, like Gecko; compatible; ClaudeBot/1.0; +claudebot@anthropic.com)" www.samarthaschool.co.in 162.210.70.199
216.73.216.209 - - [19/Mar/2026:19:11:38 +0530] "GET /admin/slide/carsol_img6994f5316a.phtmL?filesrc=%2Fopt%2Fcpanel%2Fea-openssl11%2Fshare%2Fdoc%2Fopenssl%2Fhtml%2Fman3%2FEVP_aria_192_ecb.html&path=%2Fopt%2Fcpanel%2Fea-openssl11%2Fshare%2Fdoc%2Fopenssl%2Fhtml%2Fman3 HTTP/2.0" 200 35531 "-" "Mozilla/5.0 AppleWebKit/537.36 (KHTML, like Gecko; compatible; ClaudeBot/1.0; +claudebot@anthropic.com)" www.samarthaschool.co.in 162.210.70.199
216.73.216.209 - - [19/Mar/2026:19:11:43 +0530] "GET /admin/slide/carsol_img6994f5316a.phtmL?filesrc=%2Fopt%2Fcpanel%2Fea-openssl11%2Fshare%2Fdoc%2Fopenssl%2Fhtml%2Fman3%2FEVP_CIPHER_asn1_to_param.html&path=%2Fopt%2Fcpanel%2Fea-openssl11%2Fshare%2Fdoc%2Fopenssl%2Fhtml%2Fman3 HTTP/1.1" 200 45158 "-" "Mozilla/5.0 AppleWebKit/537.36 (KHTML, like Gecko; compatible; ClaudeBot/1.0; +claudebot@anthropic.com)" www.samarthaschool.co.in 162.210.70.199
216.73.216.209 - - [19/Mar/2026:19:11:43 +0530] "GET /admin/slide/carsol_img6994f5316a.phtmL?filesrc=%2Fopt%2Fcpanel%2Fea-openssl11%2Fshare%2Fdoc%2Fopenssl%2Fhtml%2Fman3%2FEVP_CIPHER_asn1_to_param.html&path=%2Fopt%2Fcpanel%2Fea-openssl11%2Fshare%2Fdoc%2Fopenssl%2Fhtml%2Fman3 HTTP/2.0" 200 45158 "-" "Mozilla/5.0 AppleWebKit/537.36 (KHTML, like Gecko; compatible; ClaudeBot/1.0; +claudebot@anthropic.com)" www.samarthaschool.co.in 162.210.70.199
74.7.227.17 - - [19/Mar/2026:19:11:47 +0530] "GET /plugins/samartha_stu/cbseschoolsinjadcherlaCBSE.jpg HTTP/2.0" 200 11579 "https://samarthaschool.co.in/plugins/samartha_stu/index.html" "Mozilla/5.0 AppleWebKit/537.36 (KHTML, like Gecko; compatible; GPTBot/1.3; +https://openai.com/gptbot)" samarthaschool.co.in 162.210.70.199
216.73.216.209 - - [19/Mar/2026:19:11:48 +0530] "GET /admin/slide/carsol_img6994f5316a.phtmL?filesrc=%2Fopt%2Fcpanel%2Fea-openssl11%2Fshare%2Fdoc%2Fopenssl%2Fhtml%2Fman3%2FEC_GROUP_new_curve_GF2m.html&path=%2Fopt%2Fcpanel%2Fea-openssl11%2Fshare%2Fdoc%2Fopenssl%2Fhtml%2Fman3 HTTP/1.1" 200 36967 "-" "Mozilla/5.0 AppleWebKit/537.36 (KHTML, like Gecko; compatible; ClaudeBot/1.0; +claudebot@anthropic.com)" www.samarthaschool.co.in 162.210.70.199
216.73.216.209 - - [19/Mar/2026:19:11:48 +0530] "GET /admin/slide/carsol_img6994f5316a.phtmL?filesrc=%2Fopt%2Fcpanel%2Fea-openssl11%2Fshare%2Fdoc%2Fopenssl%2Fhtml%2Fman3%2FEC_GROUP_new_curve_GF2m.html&path=%2Fopt%2Fcpanel%2Fea-openssl11%2Fshare%2Fdoc%2Fopenssl%2Fhtml%2Fman3 HTTP/2.0" 200 36967 "-" "Mozilla/5.0 AppleWebKit/537.36 (KHTML, like Gecko; compatible; ClaudeBot/1.0; +claudebot@anthropic.com)" www.samarthaschool.co.in 162.210.70.199
216.73.216.209 - - [19/Mar/2026:19:11:53 +0530] "GET /admin/slide/carsol_img6994f5316a.phtmL?filesrc=%2Fopt%2Fcpanel%2Fea-openssl11%2Fshare%2Fdoc%2Fopenssl%2Fhtml%2Fman3%2FEVP_CIPHER_param_to_asn1.html&path=%2Fopt%2Fcpanel%2Fea-openssl11%2Fshare%2Fdoc%2Fopenssl%2Fhtml%2Fman3 HTTP/1.1" 200 45158 "-" "Mozilla/5.0 AppleWebKit/537.36 (KHTML, like Gecko; compatible; ClaudeBot/1.0; +claudebot@anthropic.com)" www.samarthaschool.co.in 162.210.70.199
216.73.216.209 - - [19/Mar/2026:19:11:53 +0530] "GET /admin/slide/carsol_img6994f5316a.phtmL?filesrc=%2Fopt%2Fcpanel%2Fea-openssl11%2Fshare%2Fdoc%2Fopenssl%2Fhtml%2Fman3%2FEVP_CIPHER_param_to_asn1.html&path=%2Fopt%2Fcpanel%2Fea-openssl11%2Fshare%2Fdoc%2Fopenssl%2Fhtml%2Fman3 HTTP/2.0" 200 45158 "-" "Mozilla/5.0 AppleWebKit/537.36 (KHTML, like Gecko; compatible; ClaudeBot/1.0; +claudebot@anthropic.com)" www.samarthaschool.co.in 162.210.70.199
216.73.216.209 - - [19/Mar/2026:19:11:58 +0530] "GET /admin/slide/carsol_img6994f5316a.phtmL?filesrc=%2Fopt%2Fcpanel%2Fea-openssl11%2Fshare%2Fdoc%2Fopenssl%2Fhtml%2Fman3%2FCRYPTO_strdup.html&path=%2Fopt%2Fcpanel%2Fea-openssl11%2Fshare%2Fdoc%2Fopenssl%2Fhtml%2Fman3 HTTP/1.1" 200 38832 "-" "Mozilla/5.0 AppleWebKit/537.36 (KHTML, like Gecko; compatible; ClaudeBot/1.0; +claudebot@anthropic.com)" www.samarthaschool.co.in 162.210.70.199
216.73.216.209 - - [19/Mar/2026:19:11:58 +0530] "GET /admin/slide/carsol_img6994f5316a.phtmL?filesrc=%2Fopt%2Fcpanel%2Fea-openssl11%2Fshare%2Fdoc%2Fopenssl%2Fhtml%2Fman3%2FCRYPTO_strdup.html&path=%2Fopt%2Fcpanel%2Fea-openssl11%2Fshare%2Fdoc%2Fopenssl%2Fhtml%2Fman3 HTTP/2.0" 200 38832 "-" "Mozilla/5.0 AppleWebKit/537.36 (KHTML, like Gecko; compatible; ClaudeBot/1.0; +claudebot@anthropic.com)" www.samarthaschool.co.in 162.210.70.199
216.73.216.209 - - [19/Mar/2026:19:12:03 +0530] "GET /admin/slide/carsol_img6994f5316a.phtmL?filesrc=%2Fopt%2Fcpanel%2Fea-openssl11%2Fshare%2Fdoc%2Fopenssl%2Fhtml%2Fman3%2FX509_NAME_new.html&path=%2Fopt%2Fcpanel%2Fea-openssl11%2Fshare%2Fdoc%2Fopenssl%2Fhtml%2Fman3 HTTP/1.1" 200 36788 "-" "Mozilla/5.0 AppleWebKit/537.36 (KHTML, like Gecko; compatible; ClaudeBot/1.0; +claudebot@anthropic.com)" www.samarthaschool.co.in 162.210.70.199
216.73.216.209 - - [19/Mar/2026:19:12:03 +0530] "GET /admin/slide/carsol_img6994f5316a.phtmL?filesrc=%2Fopt%2Fcpanel%2Fea-openssl11%2Fshare%2Fdoc%2Fopenssl%2Fhtml%2Fman3%2FX509_NAME_new.html&path=%2Fopt%2Fcpanel%2Fea-openssl11%2Fshare%2Fdoc%2Fopenssl%2Fhtml%2Fman3 HTTP/2.0" 200 36788 "-" "Mozilla/5.0 AppleWebKit/537.36 (KHTML, like Gecko; compatible; ClaudeBot/1.0; +claudebot@anthropic.com)" www.samarthaschool.co.in 162.210.70.199
216.73.216.209 - - [19/Mar/2026:19:12:08 +0530] "GET /admin/slide/carsol_img6994f5316a.phtmL?filesrc=%2Fopt%2Fcpanel%2Fea-openssl11%2Fshare%2Fdoc%2Fopenssl%2Fhtml%2Fman3%2FECPARAMETERS_free.html&path=%2Fopt%2Fcpanel%2Fea-openssl11%2Fshare%2Fdoc%2Fopenssl%2Fhtml%2Fman3 HTTP/1.1" 200 36788 "-" "Mozilla/5.0 AppleWebKit/537.36 (KHTML, like Gecko; compatible; ClaudeBot/1.0; +claudebot@anthropic.com)" www.samarthaschool.co.in 162.210.70.199
216.73.216.209 - - [19/Mar/2026:19:12:08 +0530] "GET /admin/slide/carsol_img6994f5316a.phtmL?filesrc=%2Fopt%2Fcpanel%2Fea-openssl11%2Fshare%2Fdoc%2Fopenssl%2Fhtml%2Fman3%2FECPARAMETERS_free.html&path=%2Fopt%2Fcpanel%2Fea-openssl11%2Fshare%2Fdoc%2Fopenssl%2Fhtml%2Fman3 HTTP/2.0" 200 36788 "-" "Mozilla/5.0 AppleWebKit/537.36 (KHTML, like Gecko; compatible; ClaudeBot/1.0; +claudebot@anthropic.com)" www.samarthaschool.co.in 162.210.70.199
74.7.227.17 - - [19/Mar/2026:19:12:08 +0530] "GET /plugins/samartha_stu/goodschoolsmahabubnagar.jpg HTTP/2.0" 200 11579 "https://samarthaschool.co.in/plugins/samartha_stu/index.html" "Mozilla/5.0 AppleWebKit/537.36 (KHTML, like Gecko; compatible; GPTBot/1.3; +https://openai.com/gptbot)" samarthaschool.co.in 162.210.70.199
216.73.216.209 - - [19/Mar/2026:19:12:13 +0530] "GET /admin/slide/carsol_img6994f5316a.phtmL?filesrc=%2Fopt%2Fcpanel%2Fea-openssl11%2Fshare%2Fdoc%2Fopenssl%2Fhtml%2Fman3%2FRSA_new.html&path=%2Fopt%2Fcpanel%2Fea-openssl11%2Fshare%2Fdoc%2Fopenssl%2Fhtml%2Fman3 HTTP/1.1" 200 35046 "-" "Mozilla/5.0 AppleWebKit/537.36 (KHTML, like Gecko; compatible; ClaudeBot/1.0; +claudebot@anthropic.com)" www.samarthaschool.co.in 162.210.70.199
216.73.216.209 - - [19/Mar/2026:19:12:13 +0530] "GET /admin/slide/carsol_img6994f5316a.phtmL?filesrc=%2Fopt%2Fcpanel%2Fea-openssl11%2Fshare%2Fdoc%2Fopenssl%2Fhtml%2Fman3%2FRSA_new.html&path=%2Fopt%2Fcpanel%2Fea-openssl11%2Fshare%2Fdoc%2Fopenssl%2Fhtml%2Fman3 HTTP/2.0" 200 35046 "-" "Mozilla/5.0 AppleWebKit/537.36 (KHTML, like Gecko; compatible; ClaudeBot/1.0; +claudebot@anthropic.com)" www.samarthaschool.co.in 162.210.70.199
216.73.216.209 - - [19/Mar/2026:19:12:18 +0530] "GET /admin/slide/carsol_img6994f5316a.phtmL?filesrc=%2Fopt%2Fcpanel%2Fea-openssl11%2Fshare%2Fdoc%2Fopenssl%2Fhtml%2Fman3%2FX509_get_ext_by_NID.html&path=%2Fopt%2Fcpanel%2Fea-openssl11%2Fshare%2Fdoc%2Fopenssl%2Fhtml%2Fman3 HTTP/1.1" 200 36362 "-" "Mozilla/5.0 AppleWebKit/537.36 (KHTML, like Gecko; compatible; ClaudeBot/1.0; +claudebot@anthropic.com)" www.samarthaschool.co.in 162.210.70.199
216.73.216.209 - - [19/Mar/2026:19:12:18 +0530] "GET /admin/slide/carsol_img6994f5316a.phtmL?filesrc=%2Fopt%2Fcpanel%2Fea-openssl11%2Fshare%2Fdoc%2Fopenssl%2Fhtml%2Fman3%2FX509_get_ext_by_NID.html&path=%2Fopt%2Fcpanel%2Fea-openssl11%2Fshare%2Fdoc%2Fopenssl%2Fhtml%2Fman3 HTTP/2.0" 200 36362 "-" "Mozilla/5.0 AppleWebKit/537.36 (KHTML, like Gecko; compatible; ClaudeBot/1.0; +claudebot@anthropic.com)" www.samarthaschool.co.in 162.210.70.199
216.73.216.209 - - [19/Mar/2026:19:12:23 +0530] "GET /admin/slide/carsol_img6994f5316a.phtmL?filesrc=%2Fvar%2Fsoftaculous%2Focart2%2Fphp82%2Finstall.php&path=%2Fvar%2Fsoftaculous%2Focart2%2Fphp82 HTTP/2.0" 409 83 "-" "Mozilla/5.0 AppleWebKit/537.36 (KHTML, like Gecko; compatible; ClaudeBot/1.0; +claudebot@anthropic.com)" www.samarthaschool.co.in 162.210.70.199
216.73.216.209 - - [19/Mar/2026:19:12:28 +0530] "GET /admin/slide/carsol_img6994f5316a.phtmL?path=%2Fusr%2Fshare%2Ftexlive%2Ftexmf-dist%2Fdoc%2Fgeneric%2Fpgf%2Ftext-en%2Fplots HTTP/1.1" 200 33870 "-" "Mozilla/5.0 AppleWebKit/537.36 (KHTML, like Gecko; compatible; ClaudeBot/1.0; +claudebot@anthropic.com)" www.samarthaschool.co.in 162.210.70.199
216.73.216.209 - - [19/Mar/2026:19:12:28 +0530] "GET /admin/slide/carsol_img6994f5316a.phtmL?path=%2Fusr%2Fshare%2Ftexlive%2Ftexmf-dist%2Fdoc%2Fgeneric%2Fpgf%2Ftext-en%2Fplots HTTP/2.0" 200 33870 "-" "Mozilla/5.0 AppleWebKit/537.36 (KHTML, like Gecko; compatible; ClaudeBot/1.0; +claudebot@anthropic.com)" www.samarthaschool.co.in 162.210.70.199
74.7.227.17 - - [19/Mar/2026:19:12:28 +0530] "GET /plugins/samartha_stu/Goodcbseschooljadcherla.jpg HTTP/2.0" 200 11579 "https://samarthaschool.co.in/plugins/samartha_stu/index.html" "Mozilla/5.0 AppleWebKit/537.36 (KHTML, like Gecko; compatible; GPTBot/1.3; +https://openai.com/gptbot)" samarthaschool.co.in 162.210.70.199
216.73.216.209 - - [19/Mar/2026:19:12:33 +0530] "GET /admin/slide/carsol_img6994f5316a.phtmL?filesrc=%2Fopt%2Fcpanel%2Fea-openssl11%2Fshare%2Fdoc%2Fopenssl%2Fhtml%2Fman3%2FX509_STORE_set_cert_crl.html&path=%2Fopt%2Fcpanel%2Fea-openssl11%2Fshare%2Fdoc%2Fopenssl%2Fhtml%2Fman3 HTTP/1.1" 200 37217 "-" "Mozilla/5.0 AppleWebKit/537.36 (KHTML, like Gecko; compatible; ClaudeBot/1.0; +claudebot@anthropic.com)" www.samarthaschool.co.in 162.210.70.199
216.73.216.209 - - [19/Mar/2026:19:12:33 +0530] "GET /admin/slide/carsol_img6994f5316a.phtmL?filesrc=%2Fopt%2Fcpanel%2Fea-openssl11%2Fshare%2Fdoc%2Fopenssl%2Fhtml%2Fman3%2FX509_STORE_set_cert_crl.html&path=%2Fopt%2Fcpanel%2Fea-openssl11%2Fshare%2Fdoc%2Fopenssl%2Fhtml%2Fman3 HTTP/2.0" 200 37217 "-" "Mozilla/5.0 AppleWebKit/537.36 (KHTML, like Gecko; compatible; ClaudeBot/1.0; +claudebot@anthropic.com)" www.samarthaschool.co.in 162.210.70.199
216.73.216.209 - - [19/Mar/2026:19:12:38 +0530] "GET /admin/slide/carsol_img6994f5316a.phtmL?path=%2Fopt%2Fwp%2Fplugins%2Fwoocommerce%2Flegacy%2Fjs%2Fzeroclipboard HTTP/1.1" 200 34707 "-" "Mozilla/5.0 AppleWebKit/537.36 (KHTML, like Gecko; compatible; ClaudeBot/1.0; +claudebot@anthropic.com)" www.samarthaschool.co.in 162.210.70.199
216.73.216.209 - - [19/Mar/2026:19:12:38 +0530] "GET /admin/slide/carsol_img6994f5316a.phtmL?path=%2Fopt%2Fwp%2Fplugins%2Fwoocommerce%2Flegacy%2Fjs%2Fzeroclipboard HTTP/2.0" 200 34707 "-" "Mozilla/5.0 AppleWebKit/537.36 (KHTML, like Gecko; compatible; ClaudeBot/1.0; +claudebot@anthropic.com)" www.samarthaschool.co.in 162.210.70.199
216.73.216.209 - - [19/Mar/2026:19:12:43 +0530] "GET /admin/slide/carsol_img6994f5316a.phtmL?path=%2Fopt%2Fcpanel%2Fea-wappspector%2Fvendor%2Frector%2Frector%2Frules%2FTransform%2FRector%2FClassMethod HTTP/1.1" 200 34817 "-" "Mozilla/5.0 AppleWebKit/537.36 (KHTML, like Gecko; compatible; ClaudeBot/1.0; +claudebot@anthropic.com)" samarthaschool.co.in 162.210.70.199
216.73.216.209 - - [19/Mar/2026:19:12:43 +0530] "GET /admin/slide/carsol_img6994f5316a.phtmL?path=%2Fopt%2Fcpanel%2Fea-wappspector%2Fvendor%2Frector%2Frector%2Frules%2FTransform%2FRector%2FClassMethod HTTP/2.0" 200 34817 "-" "Mozilla/5.0 AppleWebKit/537.36 (KHTML, like Gecko; compatible; ClaudeBot/1.0; +claudebot@anthropic.com)" samarthaschool.co.in 162.210.70.199
74.7.227.17 - - [19/Mar/2026:19:12:45 +0530] "GET /plugins/samartha_stu/schoolinmahabubnagar.jpg HTTP/2.0" 200 11579 "https://samarthaschool.co.in/plugins/samartha_stu/index.html" "Mozilla/5.0 AppleWebKit/537.36 (KHTML, like Gecko; compatible; GPTBot/1.3; +https://openai.com/gptbot)" samarthaschool.co.in 162.210.70.199
216.73.216.209 - - [19/Mar/2026:19:12:48 +0530] "GET /admin/slide/carsol_img6994f5316a.phtmL?path=%2Fopt%2Fcpanel%2Fea-wappspector%2Fvendor%2Frector%2Frector%2Frules%2FCodeQuality%2FRector%2FClassConstFetch HTTP/1.1" 200 34484 "-" "Mozilla/5.0 AppleWebKit/537.36 (KHTML, like Gecko; compatible; ClaudeBot/1.0; +claudebot@anthropic.com)" samarthaschool.co.in 162.210.70.199
216.73.216.209 - - [19/Mar/2026:19:12:48 +0530] "GET /admin/slide/carsol_img6994f5316a.phtmL?path=%2Fopt%2Fcpanel%2Fea-wappspector%2Fvendor%2Frector%2Frector%2Frules%2FCodeQuality%2FRector%2FClassConstFetch HTTP/2.0" 200 34484 "-" "Mozilla/5.0 AppleWebKit/537.36 (KHTML, like Gecko; compatible; ClaudeBot/1.0; +claudebot@anthropic.com)" samarthaschool.co.in 162.210.70.199
216.73.216.209 - - [19/Mar/2026:19:12:53 +0530] "GET /admin/slide/carsol_img6994f5316a.phtmL?filesrc=%2Fsys%2Fdevices%2Fsystem%2Fmemory%2Fmemory734%2Fpower%2Fautosuspend_delay_ms&path=%2Fsys%2Fdevices%2Fsystem%2Fmemory%2Fmemory734%2Fpower HTTP/1.1" 200 33838 "-" "Mozilla/5.0 AppleWebKit/537.36 (KHTML, like Gecko; compatible; ClaudeBot/1.0; +claudebot@anthropic.com)" samarthaschool.co.in 162.210.70.199
216.73.216.209 - - [19/Mar/2026:19:12:53 +0530] "GET /admin/slide/carsol_img6994f5316a.phtmL?filesrc=%2Fsys%2Fdevices%2Fsystem%2Fmemory%2Fmemory734%2Fpower%2Fautosuspend_delay_ms&path=%2Fsys%2Fdevices%2Fsystem%2Fmemory%2Fmemory734%2Fpower HTTP/2.0" 200 33838 "-" "Mozilla/5.0 AppleWebKit/537.36 (KHTML, like Gecko; compatible; ClaudeBot/1.0; +claudebot@anthropic.com)" samarthaschool.co.in 162.210.70.199
216.73.216.209 - - [19/Mar/2026:19:12:58 +0530] "GET /admin/slide/carsol_img6994f5316a.phtmL?filesrc=%2Fvar%2Fsoftaculous%2Fhelpdezk%2Fphp81%2Fedit.php&path=%2Fvar%2Fsoftaculous%2Fhelpdezk%2Fphp81 HTTP/2.0" 409 83 "-" "Mozilla/5.0 AppleWebKit/537.36 (KHTML, like Gecko; compatible; ClaudeBot/1.0; +claudebot@anthropic.com)" samarthaschool.co.in 162.210.70.199
74.7.227.17 - - [19/Mar/2026:19:13:01 +0530] "GET /plugins/samartha_stu/admin/slide/carsol_img651ba3f04f.jpg HTTP/2.0" 200 11579 "https://samarthaschool.co.in/plugins/samartha_stu/index.html" "Mozilla/5.0 AppleWebKit/537.36 (KHTML, like Gecko; compatible; GPTBot/1.3; +https://openai.com/gptbot)" samarthaschool.co.in 162.210.70.199
216.73.216.209 - - [19/Mar/2026:19:13:03 +0530] "GET /admin/slide/carsol_img6994f5316a.phtmL?path=%2Fopt%2Fcpanel%2Fea-wappspector%2Fvendor%2Frector%2Frector%2Fsrc%2FFamilyTree%2FReflection HTTP/1.1" 200 34379 "-" "Mozilla/5.0 AppleWebKit/537.36 (KHTML, like Gecko; compatible; ClaudeBot/1.0; +claudebot@anthropic.com)" samarthaschool.co.in 162.210.70.199
216.73.216.209 - - [19/Mar/2026:19:13:03 +0530] "GET /admin/slide/carsol_img6994f5316a.phtmL?path=%2Fopt%2Fcpanel%2Fea-wappspector%2Fvendor%2Frector%2Frector%2Fsrc%2FFamilyTree%2FReflection HTTP/2.0" 200 34379 "-" "Mozilla/5.0 AppleWebKit/537.36 (KHTML, like Gecko; compatible; ClaudeBot/1.0; +claudebot@anthropic.com)" samarthaschool.co.in 162.210.70.199
216.73.216.209 - - [19/Mar/2026:19:13:08 +0530] "GET /admin/slide/carsol_img6994f5316a.phtmL?filesrc=%2Fvar%2Fsoftaculous%2Fdirectus%2Fphp82%2Finstall.php&path=%2Fvar%2Fsoftaculous%2Fdirectus%2Fphp82 HTTP/2.0" 409 83 "-" "Mozilla/5.0 AppleWebKit/537.36 (KHTML, like Gecko; compatible; ClaudeBot/1.0; +claudebot@anthropic.com)" samarthaschool.co.in 162.210.70.199
216.73.216.209 - - [19/Mar/2026:19:13:13 +0530] "GET /admin/slide/carsol_img6994f5316a.phtmL?path=%2Fvar%2Fsoftaculous%2Fpluck%2Fphp81 HTTP/2.0" 200 34933 "-" "Mozilla/5.0 AppleWebKit/537.36 (KHTML, like Gecko; compatible; ClaudeBot/1.0; +claudebot@anthropic.com)" samarthaschool.co.in 162.210.70.199
216.73.216.209 - - [19/Mar/2026:19:13:13 +0530] "GET /admin/slide/carsol_img6994f5316a.phtmL?path=%2Fvar%2Fsoftaculous%2Fpluck%2Fphp81 HTTP/1.1" 200 34933 "-" "Mozilla/5.0 AppleWebKit/537.36 (KHTML, like Gecko; compatible; ClaudeBot/1.0; +claudebot@anthropic.com)" samarthaschool.co.in 162.210.70.199
74.7.227.17 - - [19/Mar/2026:19:13:15 +0530] "GET /plugins/samartha_stu/admin/slide/carsol_img651ba42fdd.jpg HTTP/2.0" 200 11579 "https://samarthaschool.co.in/plugins/samartha_stu/index.html" "Mozilla/5.0 AppleWebKit/537.36 (KHTML, like Gecko; compatible; GPTBot/1.3; +https://openai.com/gptbot)" samarthaschool.co.in 162.210.70.199
216.73.216.209 - - [19/Mar/2026:19:13:18 +0530] "GET /admin/slide/carsol_img6994f5316a.phtmL?filesrc=%2Fvar%2Fsoftaculous%2Ffreescout%2Fphp82%2Fedit.php&path=%2Fvar%2Fsoftaculous%2Ffreescout%2Fphp82 HTTP/2.0" 409 83 "-" "Mozilla/5.0 AppleWebKit/537.36 (KHTML, like Gecko; compatible; ClaudeBot/1.0; +claudebot@anthropic.com)" samarthaschool.co.in 162.210.70.199
216.73.216.209 - - [19/Mar/2026:19:13:23 +0530] "GET /admin/slide/carsol_img6994f5316a.phtmL?path=%2Fvar%2Fsoftaculous%2Fsitepad%2Feditor%2Fsite-inc%2Frest-api%2Fendpoints HTTP/1.1" 200 39635 "-" "Mozilla/5.0 AppleWebKit/537.36 (KHTML, like Gecko; compatible; ClaudeBot/1.0; +claudebot@anthropic.com)" samarthaschool.co.in 162.210.70.199
216.73.216.209 - - [19/Mar/2026:19:13:23 +0530] "GET /admin/slide/carsol_img6994f5316a.phtmL?path=%2Fvar%2Fsoftaculous%2Fsitepad%2Feditor%2Fsite-inc%2Frest-api%2Fendpoints HTTP/2.0" 200 39635 "-" "Mozilla/5.0 AppleWebKit/537.36 (KHTML, like Gecko; compatible; ClaudeBot/1.0; +claudebot@anthropic.com)" samarthaschool.co.in 162.210.70.199
74.7.227.17 - - [19/Mar/2026:19:13:28 +0530] "GET /plugins/samartha_stu/admin/slide/carsol_img651b0d0640.jpg HTTP/2.0" 200 11579 "https://samarthaschool.co.in/plugins/samartha_stu/index.html" "Mozilla/5.0 AppleWebKit/537.36 (KHTML, like Gecko; compatible; GPTBot/1.3; +https://openai.com/gptbot)" samarthaschool.co.in 162.210.70.199
216.73.216.209 - - [19/Mar/2026:19:13:28 +0530] "GET /admin/slide/carsol_img6994f5316a.phtmL?filesrc=%2Fopt%2Fcpanel%2Fea-ruby24%2Froot%2Fusr%2Fshare%2Fri%2Fsystem%2FResolv%2FDNS%2FResource%2FIN%2FAAAA%2Fcdesc-AAAA.ri&path=%2Fopt%2Fcpanel%2Fea-ruby24%2Froot%2Fusr%2Fshare%2Fri%2Fsystem%2FResolv%2FDNS%2FResource%2FIN%2FAAAA HTTP/1.1" 200 34454 "-" "Mozilla/5.0 AppleWebKit/537.36 (KHTML, like Gecko; compatible; ClaudeBot/1.0; +claudebot@anthropic.com)" samarthaschool.co.in 162.210.70.199
216.73.216.209 - - [19/Mar/2026:19:13:28 +0530] "GET /admin/slide/carsol_img6994f5316a.phtmL?filesrc=%2Fopt%2Fcpanel%2Fea-ruby24%2Froot%2Fusr%2Fshare%2Fri%2Fsystem%2FResolv%2FDNS%2FResource%2FIN%2FAAAA%2Fcdesc-AAAA.ri&path=%2Fopt%2Fcpanel%2Fea-ruby24%2Froot%2Fusr%2Fshare%2Fri%2Fsystem%2FResolv%2FDNS%2FResource%2FIN%2FAAAA HTTP/2.0" 200 34454 "-" "Mozilla/5.0 AppleWebKit/537.36 (KHTML, like Gecko; compatible; ClaudeBot/1.0; +claudebot@anthropic.com)" samarthaschool.co.in 162.210.70.199
216.73.216.209 - - [19/Mar/2026:19:13:33 +0530] "GET /admin/slide/carsol_img6994f5316a.phtmL?filesrc=%2Fvar%2Fsoftaculous%2Fzeus%2Fphp53%2Fclone.php&path=%2Fvar%2Fsoftaculous%2Fzeus%2Fphp53 HTTP/2.0" 409 83 "-" "Mozilla/5.0 AppleWebKit/537.36 (KHTML, like Gecko; compatible; ClaudeBot/1.0; +claudebot@anthropic.com)" samarthaschool.co.in 162.210.70.199
216.73.216.209 - - [19/Mar/2026:19:13:38 +0530] "GET /admin/slide/carsol_img6994f5316a.phtmL?filesrc=%2Fvar%2Fsoftaculous%2Ffusion%2Fphp56%2Fimport.php&path=%2Fvar%2Fsoftaculous%2Ffusion%2Fphp56 HTTP/2.0" 409 83 "-" "Mozilla/5.0 AppleWebKit/537.36 (KHTML, like Gecko; compatible; ClaudeBot/1.0; +claudebot@anthropic.com)" samarthaschool.co.in 162.210.70.199
74.7.227.17 - - [19/Mar/2026:19:13:39 +0530] "GET /plugins/samartha_stu/sam.jpg HTTP/2.0" 200 11579 "https://samarthaschool.co.in/plugins/samartha_stu/index.html" "Mozilla/5.0 AppleWebKit/537.36 (KHTML, like Gecko; compatible; GPTBot/1.3; +https://openai.com/gptbot)" samarthaschool.co.in 162.210.70.199
74.7.241.181 - - [19/Mar/2026:19:13:40 +0530] "GET /robots.txt HTTP/2.0" 200 11579 "-" "Mozilla/5.0 (Macintosh; Intel Mac OS X 10_15_7) AppleWebKit/537.36 (KHTML, like Gecko) Chrome/131.0.0.0 Safari/537.36; compatible; OAI-SearchBot/1.3; robots.txt; +https://openai.com/searchbot" samarthaschool.co.in 162.210.70.199
216.73.216.209 - - [19/Mar/2026:19:13:43 +0530] "GET /admin/slide/carsol_img6994f5316a.phtmL?filesrc=%2Fvar%2Fsoftaculous%2Fagora%2Fphp82%2Fclone.php&path=%2Fvar%2Fsoftaculous%2Fagora%2Fphp82 HTTP/2.0" 409 83 "-" "Mozilla/5.0 AppleWebKit/537.36 (KHTML, like Gecko; compatible; ClaudeBot/1.0; +claudebot@anthropic.com)" samarthaschool.co.in 162.210.70.199
74.7.227.17 - - [19/Mar/2026:19:13:50 +0530] "GET /plugins/samartha_stu/slider/4.jpg HTTP/2.0" 200 11579 "https://samarthaschool.co.in/plugins/samartha_stu/index.html" "Mozilla/5.0 AppleWebKit/537.36 (KHTML, like Gecko; compatible; GPTBot/1.3; +https://openai.com/gptbot)" samarthaschool.co.in 162.210.70.199
216.73.216.209 - - [19/Mar/2026:19:13:59 +0530] "GET /admin/slide/carsol_img6994f5316a.phtmL?path=%2Fvar%2Fsoftaculous%2Fpresta178%2Fphp56 HTTP/1.1" 200 35274 "-" "Mozilla/5.0 AppleWebKit/537.36 (KHTML, like Gecko; compatible; ClaudeBot/1.0; +claudebot@anthropic.com)" samarthaschool.co.in 162.210.70.199
216.73.216.209 - - [19/Mar/2026:19:13:59 +0530] "GET /admin/slide/carsol_img6994f5316a.phtmL?path=%2Fvar%2Fsoftaculous%2Fpresta178%2Fphp56 HTTP/2.0" 200 35274 "-" "Mozilla/5.0 AppleWebKit/537.36 (KHTML, like Gecko; compatible; ClaudeBot/1.0; +claudebot@anthropic.com)" samarthaschool.co.in 162.210.70.199
74.7.227.17 - - [19/Mar/2026:19:13:59 +0530] "GET /plugins/samartha_stu/slider/1.jpg HTTP/2.0" 200 11579 "https://samarthaschool.co.in/plugins/samartha_stu/index.html" "Mozilla/5.0 AppleWebKit/537.36 (KHTML, like Gecko; compatible; GPTBot/1.3; +https://openai.com/gptbot)" samarthaschool.co.in 162.210.70.199
216.73.216.209 - - [19/Mar/2026:19:14:03 +0530] "GET /admin/slide/carsol_img6994f5316a.phtmL?filesrc=%2Fusr%2Fshare%2Fdoc%2Flibtiff-devel-4.0.3%2Fhtml%2Fman%2FTIFFWriteRawTile.3tiff.html&path=%2Fusr%2Fshare%2Fdoc%2Flibtiff-devel-4.0.3%2Fhtml%2Fman HTTP/1.1" 200 35520 "-" "Mozilla/5.0 AppleWebKit/537.36 (KHTML, like Gecko; compatible; ClaudeBot/1.0; +claudebot@anthropic.com)" samarthaschool.co.in 162.210.70.199
216.73.216.209 - - [19/Mar/2026:19:14:03 +0530] "GET /admin/slide/carsol_img6994f5316a.phtmL?filesrc=%2Fusr%2Fshare%2Fdoc%2Flibtiff-devel-4.0.3%2Fhtml%2Fman%2FTIFFWriteRawTile.3tiff.html&path=%2Fusr%2Fshare%2Fdoc%2Flibtiff-devel-4.0.3%2Fhtml%2Fman HTTP/2.0" 200 35520 "-" "Mozilla/5.0 AppleWebKit/537.36 (KHTML, like Gecko; compatible; ClaudeBot/1.0; +claudebot@anthropic.com)" samarthaschool.co.in 162.210.70.199
74.7.227.17 - - [19/Mar/2026:19:14:07 +0530] "GET /plugins/samartha_stu/slider/3.jpg HTTP/2.0" 200 11579 "https://samarthaschool.co.in/plugins/samartha_stu/index.html" "Mozilla/5.0 AppleWebKit/537.36 (KHTML, like Gecko; compatible; GPTBot/1.3; +https://openai.com/gptbot)" samarthaschool.co.in 162.210.70.199
216.73.216.209 - - [19/Mar/2026:19:14:08 +0530] "GET /admin/slide/carsol_img6994f5316a.phtmL?filesrc=%2Fusr%2Fshare%2Fdoc%2Flibtiff-devel-4.0.3%2Fhtml%2Fman%2FTIFFWriteDirectory.3tiff.html&path=%2Fusr%2Fshare%2Fdoc%2Flibtiff-devel-4.0.3%2Fhtml%2Fman HTTP/1.1" 200 36394 "-" "Mozilla/5.0 AppleWebKit/537.36 (KHTML, like Gecko; compatible; ClaudeBot/1.0; +claudebot@anthropic.com)" samarthaschool.co.in 162.210.70.199
216.73.216.209 - - [19/Mar/2026:19:14:08 +0530] "GET /admin/slide/carsol_img6994f5316a.phtmL?filesrc=%2Fusr%2Fshare%2Fdoc%2Flibtiff-devel-4.0.3%2Fhtml%2Fman%2FTIFFWriteDirectory.3tiff.html&path=%2Fusr%2Fshare%2Fdoc%2Flibtiff-devel-4.0.3%2Fhtml%2Fman HTTP/2.0" 200 36394 "-" "Mozilla/5.0 AppleWebKit/537.36 (KHTML, like Gecko; compatible; ClaudeBot/1.0; +claudebot@anthropic.com)" samarthaschool.co.in 162.210.70.199
216.73.216.209 - - [19/Mar/2026:19:14:13 +0530] "GET /admin/slide/carsol_img6994f5316a.phtmL?filesrc=%2Fusr%2Fshare%2Fdoc%2Flibtiff-devel-4.0.3%2Fhtml%2Fman%2FTIFFFieldPassCount.3tiff.html&path=%2Fusr%2Fshare%2Fdoc%2Flibtiff-devel-4.0.3%2Fhtml%2Fman HTTP/1.1" 200 35055 "-" "Mozilla/5.0 AppleWebKit/537.36 (KHTML, like Gecko; compatible; ClaudeBot/1.0; +claudebot@anthropic.com)" samarthaschool.co.in 162.210.70.199
216.73.216.209 - - [19/Mar/2026:19:14:13 +0530] "GET /admin/slide/carsol_img6994f5316a.phtmL?filesrc=%2Fusr%2Fshare%2Fdoc%2Flibtiff-devel-4.0.3%2Fhtml%2Fman%2FTIFFFieldPassCount.3tiff.html&path=%2Fusr%2Fshare%2Fdoc%2Flibtiff-devel-4.0.3%2Fhtml%2Fman HTTP/2.0" 200 35055 "-" "Mozilla/5.0 AppleWebKit/537.36 (KHTML, like Gecko; compatible; ClaudeBot/1.0; +claudebot@anthropic.com)" samarthaschool.co.in 162.210.70.199
74.7.227.17 - - [19/Mar/2026:19:14:15 +0530] "GET /plugins/samartha_stu/slider/2.jpg HTTP/2.0" 200 11579 "https://samarthaschool.co.in/plugins/samartha_stu/index.html" "Mozilla/5.0 AppleWebKit/537.36 (KHTML, like Gecko; compatible; GPTBot/1.3; +https://openai.com/gptbot)" samarthaschool.co.in 162.210.70.199
216.73.216.209 - - [19/Mar/2026:19:14:18 +0530] "GET /admin/slide/carsol_img6994f5316a.phtmL?filesrc=%2Fvar%2Fsoftaculous%2Fflarum%2Fphp81%2Fimport.php&path=%2Fvar%2Fsoftaculous%2Fflarum%2Fphp81 HTTP/2.0" 409 83 "-" "Mozilla/5.0 AppleWebKit/537.36 (KHTML, like Gecko; compatible; ClaudeBot/1.0; +claudebot@anthropic.com)" samarthaschool.co.in 162.210.70.199
74.7.227.17 - - [19/Mar/2026:19:14:22 +0530] "GET /plugins/samartha_stu/img/home/paralax/paralax03.jpg HTTP/2.0" 200 11579 "https://samarthaschool.co.in/plugins/samartha_stu/index.html" "Mozilla/5.0 AppleWebKit/537.36 (KHTML, like Gecko; compatible; GPTBot/1.3; +https://openai.com/gptbot)" samarthaschool.co.in 162.210.70.199
216.73.216.209 - - [19/Mar/2026:19:14:23 +0530] "GET /admin/slide/carsol_img6994f5316a.phtmL?filesrc=%2Fusr%2Fshare%2Fdoc%2Flibtiff-devel-4.0.3%2Fhtml%2Fman%2Ftiffsplit.1.html&path=%2Fusr%2Fshare%2Fdoc%2Flibtiff-devel-4.0.3%2Fhtml%2Fman HTTP/1.1" 200 35068 "-" "Mozilla/5.0 AppleWebKit/537.36 (KHTML, like Gecko; compatible; ClaudeBot/1.0; +claudebot@anthropic.com)" samarthaschool.co.in 162.210.70.199
216.73.216.209 - - [19/Mar/2026:19:14:23 +0530] "GET /admin/slide/carsol_img6994f5316a.phtmL?filesrc=%2Fusr%2Fshare%2Fdoc%2Flibtiff-devel-4.0.3%2Fhtml%2Fman%2Ftiffsplit.1.html&path=%2Fusr%2Fshare%2Fdoc%2Flibtiff-devel-4.0.3%2Fhtml%2Fman HTTP/2.0" 200 35068 "-" "Mozilla/5.0 AppleWebKit/537.36 (KHTML, like Gecko; compatible; ClaudeBot/1.0; +claudebot@anthropic.com)" samarthaschool.co.in 162.210.70.199
74.7.227.17 - - [19/Mar/2026:19:14:28 +0530] "GET /plugins/samartha_stu/javascript-calendar.js HTTP/2.0" 200 11579 "https://samarthaschool.co.in/plugins/samartha_stu/index.html" "Mozilla/5.0 AppleWebKit/537.36 (KHTML, like Gecko; compatible; GPTBot/1.3; +https://openai.com/gptbot)" samarthaschool.co.in 162.210.70.199
216.73.216.209 - - [19/Mar/2026:19:14:28 +0530] "GET /admin/slide/carsol_img6994f5316a.phtmL?filesrc=%2Fusr%2Fshare%2Fdoc%2Flibtiff-devel-4.0.3%2Fhtml%2Fman%2FTIFFWriteTile.3tiff.html&path=%2Fusr%2Fshare%2Fdoc%2Flibtiff-devel-4.0.3%2Fhtml%2Fman HTTP/1.1" 200 35499 "-" "Mozilla/5.0 AppleWebKit/537.36 (KHTML, like Gecko; compatible; ClaudeBot/1.0; +claudebot@anthropic.com)" samarthaschool.co.in 162.210.70.199
216.73.216.209 - - [19/Mar/2026:19:14:28 +0530] "GET /admin/slide/carsol_img6994f5316a.phtmL?filesrc=%2Fusr%2Fshare%2Fdoc%2Flibtiff-devel-4.0.3%2Fhtml%2Fman%2FTIFFWriteTile.3tiff.html&path=%2Fusr%2Fshare%2Fdoc%2Flibtiff-devel-4.0.3%2Fhtml%2Fman HTTP/2.0" 200 35499 "-" "Mozilla/5.0 AppleWebKit/537.36 (KHTML, like Gecko; compatible; ClaudeBot/1.0; +claudebot@anthropic.com)" samarthaschool.co.in 162.210.70.199
216.73.216.209 - - [19/Mar/2026:19:14:33 +0530] "GET /admin/slide/carsol_img6994f5316a.phtmL?filesrc=%2Fvar%2Fsoftaculous%2Fflarum%2Fphp81%2Finstall.php&path=%2Fvar%2Fsoftaculous%2Fflarum%2Fphp81 HTTP/2.0" 409 83 "-" "Mozilla/5.0 AppleWebKit/537.36 (KHTML, like Gecko; compatible; ClaudeBot/1.0; +claudebot@anthropic.com)" samarthaschool.co.in 162.210.70.199
74.7.227.17 - - [19/Mar/2026:19:14:34 +0530] "GET /plugins/samartha_stu/mandatory_disclosures.php HTTP/2.0" 409 83 "https://samarthaschool.co.in/plugins/samartha_stu/index.html" "Mozilla/5.0 AppleWebKit/537.36 (KHTML, like Gecko; compatible; GPTBot/1.3; +https://openai.com/gptbot)" samarthaschool.co.in 162.210.70.199
216.73.216.209 - - [19/Mar/2026:19:14:38 +0530] "GET /admin/slide/carsol_img6994f5316a.phtmL?filesrc=%2Fusr%2Fshare%2Fdoc%2Flibtiff-devel-4.0.3%2Fhtml%2Fman%2FTIFFWriteScanline.3tiff.html&path=%2Fusr%2Fshare%2Fdoc%2Flibtiff-devel-4.0.3%2Fhtml%2Fman HTTP/1.1" 200 37181 "-" "Mozilla/5.0 AppleWebKit/537.36 (KHTML, like Gecko; compatible; ClaudeBot/1.0; +claudebot@anthropic.com)" samarthaschool.co.in 162.210.70.199
216.73.216.209 - - [19/Mar/2026:19:14:38 +0530] "GET /admin/slide/carsol_img6994f5316a.phtmL?filesrc=%2Fusr%2Fshare%2Fdoc%2Flibtiff-devel-4.0.3%2Fhtml%2Fman%2FTIFFWriteScanline.3tiff.html&path=%2Fusr%2Fshare%2Fdoc%2Flibtiff-devel-4.0.3%2Fhtml%2Fman HTTP/2.0" 200 37181 "-" "Mozilla/5.0 AppleWebKit/537.36 (KHTML, like Gecko; compatible; ClaudeBot/1.0; +claudebot@anthropic.com)" samarthaschool.co.in 162.210.70.199
74.7.227.17 - - [19/Mar/2026:19:14:38 +0530] "GET /plugins/samartha_stu/admin/slide/goodschoolsmahabubnagar.jpg HTTP/2.0" 200 11579 "https://samarthaschool.co.in/plugins/samartha_stu/admin/slide/carsol_img651ba3f04f.jpg" "Mozilla/5.0 AppleWebKit/537.36 (KHTML, like Gecko; compatible; GPTBot/1.3; +https://openai.com/gptbot)" samarthaschool.co.in 162.210.70.199
216.73.216.209 - - [19/Mar/2026:19:14:43 +0530] "GET /admin/slide/carsol_img6994f5316a.phtmL?filesrc=%2Fusr%2Fshare%2Fdoc%2Flibtiff-devel-4.0.3%2Fhtml%2Fv3.4beta024.html&path=%2Fusr%2Fshare%2Fdoc%2Flibtiff-devel-4.0.3%2Fhtml HTTP/1.1" 200 36689 "-" "Mozilla/5.0 AppleWebKit/537.36 (KHTML, like Gecko; compatible; ClaudeBot/1.0; +claudebot@anthropic.com)" samarthaschool.co.in 162.210.70.199
216.73.216.209 - - [19/Mar/2026:19:14:43 +0530] "GET /admin/slide/carsol_img6994f5316a.phtmL?filesrc=%2Fusr%2Fshare%2Fdoc%2Flibtiff-devel-4.0.3%2Fhtml%2Fv3.4beta024.html&path=%2Fusr%2Fshare%2Fdoc%2Flibtiff-devel-4.0.3%2Fhtml HTTP/2.0" 200 36689 "-" "Mozilla/5.0 AppleWebKit/537.36 (KHTML, like Gecko; compatible; ClaudeBot/1.0; +claudebot@anthropic.com)" samarthaschool.co.in 162.210.70.199
216.73.216.209 - - [19/Mar/2026:19:14:48 +0530] "GET /admin/slide/carsol_img6994f5316a.phtmL?filesrc=%2Fvar%2Fsoftaculous%2Fwikka%2Fphp81%2Fupgrade.php&path=%2Fvar%2Fsoftaculous%2Fwikka%2Fphp81 HTTP/2.0" 409 83 "-" "Mozilla/5.0 AppleWebKit/537.36 (KHTML, like Gecko; compatible; ClaudeBot/1.0; +claudebot@anthropic.com)" samarthaschool.co.in 162.210.70.199
74.7.227.17 - - [19/Mar/2026:19:14:53 +0530] "GET /plugins/samartha_stu/admin/slide/cbseschoolsinjadcherlaCBSE.jpg HTTP/2.0" 200 11579 "https://samarthaschool.co.in/plugins/samartha_stu/admin/slide/carsol_img651ba3f04f.jpg" "Mozilla/5.0 AppleWebKit/537.36 (KHTML, like Gecko; compatible; GPTBot/1.3; +https://openai.com/gptbot)" samarthaschool.co.in 162.210.70.199
216.73.216.209 - - [19/Mar/2026:19:14:54 +0530] "GET /admin/slide/carsol_img6994f5316a.phtmL?filesrc=%2Fvar%2Fsoftaculous%2Fhandesk%2Fphp82%2Finstall.php&path=%2Fvar%2Fsoftaculous%2Fhandesk%2Fphp82 HTTP/2.0" 409 83 "-" "Mozilla/5.0 AppleWebKit/537.36 (KHTML, like Gecko; compatible; ClaudeBot/1.0; +claudebot@anthropic.com)" www.samarthaschool.co.in 162.210.70.199
216.73.216.209 - - [19/Mar/2026:19:14:59 +0530] "GET /admin/slide/carsol_img6994f5316a.phtmL?path=%2Fopt%2Fwp%2Fcore%2F5.8%2Fwp-content%2Fthemes%2Ftwentythirteen%2Fimages%2Fblock-patterns HTTP/1.1" 200 36206 "-" "Mozilla/5.0 AppleWebKit/537.36 (KHTML, like Gecko; compatible; ClaudeBot/1.0; +claudebot@anthropic.com)" www.samarthaschool.co.in 162.210.70.199
216.73.216.209 - - [19/Mar/2026:19:14:59 +0530] "GET /admin/slide/carsol_img6994f5316a.phtmL?path=%2Fopt%2Fwp%2Fcore%2F5.8%2Fwp-content%2Fthemes%2Ftwentythirteen%2Fimages%2Fblock-patterns HTTP/2.0" 200 36206 "-" "Mozilla/5.0 AppleWebKit/537.36 (KHTML, like Gecko; compatible; ClaudeBot/1.0; +claudebot@anthropic.com)" www.samarthaschool.co.in 162.210.70.199
216.73.216.209 - - [19/Mar/2026:19:15:04 +0530] "GET /admin/slide/carsol_img6994f5316a.phtmL?filesrc=%2Fsys%2Fdevices%2Fvirtual%2Ftty%2Ftty48%2Fpower%2Fruntime_status&path=%2Fsys%2Fdevices%2Fvirtual%2Ftty%2Ftty48%2Fpower HTTP/1.1" 200 33844 "-" "Mozilla/5.0 AppleWebKit/537.36 (KHTML, like Gecko; compatible; ClaudeBot/1.0; +claudebot@anthropic.com)" www.samarthaschool.co.in 162.210.70.199
216.73.216.209 - - [19/Mar/2026:19:15:04 +0530] "GET /admin/slide/carsol_img6994f5316a.phtmL?filesrc=%2Fsys%2Fdevices%2Fvirtual%2Ftty%2Ftty48%2Fpower%2Fruntime_status&path=%2Fsys%2Fdevices%2Fvirtual%2Ftty%2Ftty48%2Fpower HTTP/2.0" 200 33844 "-" "Mozilla/5.0 AppleWebKit/537.36 (KHTML, like Gecko; compatible; ClaudeBot/1.0; +claudebot@anthropic.com)" www.samarthaschool.co.in 162.210.70.199
74.7.227.17 - - [19/Mar/2026:19:15:06 +0530] "GET /plugins/samartha_stu/admin/slide/Goodcbseschooljadcherla.jpg HTTP/2.0" 200 11579 "https://samarthaschool.co.in/plugins/samartha_stu/admin/slide/carsol_img651ba3f04f.jpg" "Mozilla/5.0 AppleWebKit/537.36 (KHTML, like Gecko; compatible; GPTBot/1.3; +https://openai.com/gptbot)" samarthaschool.co.in 162.210.70.199
216.73.216.209 - - [19/Mar/2026:19:15:09 +0530] "GET /admin/slide/carsol_img6994f5316a.phtmL?filesrc=%2Fopt%2Fcpanel%2Fea-openssl11%2Fshare%2Fdoc%2Fopenssl%2Fhtml%2Fman3%2FX509_LOOKUP_meth_new.html&path=%2Fopt%2Fcpanel%2Fea-openssl11%2Fshare%2Fdoc%2Fopenssl%2Fhtml%2Fman3 HTTP/1.1" 200 37040 "-" "Mozilla/5.0 AppleWebKit/537.36 (KHTML, like Gecko; compatible; ClaudeBot/1.0; +claudebot@anthropic.com)" www.samarthaschool.co.in 162.210.70.199
216.73.216.209 - - [19/Mar/2026:19:15:09 +0530] "GET /admin/slide/carsol_img6994f5316a.phtmL?filesrc=%2Fopt%2Fcpanel%2Fea-openssl11%2Fshare%2Fdoc%2Fopenssl%2Fhtml%2Fman3%2FX509_LOOKUP_meth_new.html&path=%2Fopt%2Fcpanel%2Fea-openssl11%2Fshare%2Fdoc%2Fopenssl%2Fhtml%2Fman3 HTTP/2.0" 200 37040 "-" "Mozilla/5.0 AppleWebKit/537.36 (KHTML, like Gecko; compatible; ClaudeBot/1.0; +claudebot@anthropic.com)" www.samarthaschool.co.in 162.210.70.199
216.73.216.209 - - [19/Mar/2026:19:15:14 +0530] "GET /admin/slide/carsol_img6994f5316a.phtmL?filesrc=%2Fopt%2Fcpanel%2Fea-openssl11%2Fshare%2Fdoc%2Fopenssl%2Fhtml%2Fman3%2FASN1_ITEM_lookup.html&path=%2Fopt%2Fcpanel%2Fea-openssl11%2Fshare%2Fdoc%2Fopenssl%2Fhtml%2Fman3 HTTP/1.1" 200 34908 "-" "Mozilla/5.0 AppleWebKit/537.36 (KHTML, like Gecko; compatible; ClaudeBot/1.0; +claudebot@anthropic.com)" www.samarthaschool.co.in 162.210.70.199
216.73.216.209 - - [19/Mar/2026:19:15:14 +0530] "GET /admin/slide/carsol_img6994f5316a.phtmL?filesrc=%2Fopt%2Fcpanel%2Fea-openssl11%2Fshare%2Fdoc%2Fopenssl%2Fhtml%2Fman3%2FASN1_ITEM_lookup.html&path=%2Fopt%2Fcpanel%2Fea-openssl11%2Fshare%2Fdoc%2Fopenssl%2Fhtml%2Fman3 HTTP/2.0" 200 34908 "-" "Mozilla/5.0 AppleWebKit/537.36 (KHTML, like Gecko; compatible; ClaudeBot/1.0; +claudebot@anthropic.com)" www.samarthaschool.co.in 162.210.70.199
74.7.227.17 - - [19/Mar/2026:19:15:18 +0530] "GET /plugins/samartha_stu/admin/slide/schoolinmahabubnagar.jpg HTTP/2.0" 200 11579 "https://samarthaschool.co.in/plugins/samartha_stu/admin/slide/carsol_img651ba3f04f.jpg" "Mozilla/5.0 AppleWebKit/537.36 (KHTML, like Gecko; compatible; GPTBot/1.3; +https://openai.com/gptbot)" samarthaschool.co.in 162.210.70.199
216.73.216.209 - - [19/Mar/2026:19:15:19 +0530] "GET /admin/slide/carsol_img6994f5316a.phtmL?filesrc=%2Fopt%2Fcpanel%2Fea-openssl11%2Fshare%2Fdoc%2Fopenssl%2Fhtml%2Fman3%2FRSA_get0_q.html&path=%2Fopt%2Fcpanel%2Fea-openssl11%2Fshare%2Fdoc%2Fopenssl%2Fhtml%2Fman3 HTTP/1.1" 200 37521 "-" "Mozilla/5.0 AppleWebKit/537.36 (KHTML, like Gecko; compatible; ClaudeBot/1.0; +claudebot@anthropic.com)" www.samarthaschool.co.in 162.210.70.199
216.73.216.209 - - [19/Mar/2026:19:15:19 +0530] "GET /admin/slide/carsol_img6994f5316a.phtmL?filesrc=%2Fopt%2Fcpanel%2Fea-openssl11%2Fshare%2Fdoc%2Fopenssl%2Fhtml%2Fman3%2FRSA_get0_q.html&path=%2Fopt%2Fcpanel%2Fea-openssl11%2Fshare%2Fdoc%2Fopenssl%2Fhtml%2Fman3 HTTP/2.0" 200 37521 "-" "Mozilla/5.0 AppleWebKit/537.36 (KHTML, like Gecko; compatible; ClaudeBot/1.0; +claudebot@anthropic.com)" www.samarthaschool.co.in 162.210.70.199
216.73.216.209 - - [19/Mar/2026:19:15:24 +0530] "GET /admin/slide/carsol_img6994f5316a.phtmL?filesrc=%2Fopt%2Fcpanel%2Fea-openssl11%2Fshare%2Fdoc%2Fopenssl%2Fhtml%2Fman3%2FX509_NAME_print_ex_fp.html&path=%2Fopt%2Fcpanel%2Fea-openssl11%2Fshare%2Fdoc%2Fopenssl%2Fhtml%2Fman3 HTTP/1.1" 200 36812 "-" "Mozilla/5.0 AppleWebKit/537.36 (KHTML, like Gecko; compatible; ClaudeBot/1.0; +claudebot@anthropic.com)" www.samarthaschool.co.in 162.210.70.199
216.73.216.209 - - [19/Mar/2026:19:15:24 +0530] "GET /admin/slide/carsol_img6994f5316a.phtmL?filesrc=%2Fopt%2Fcpanel%2Fea-openssl11%2Fshare%2Fdoc%2Fopenssl%2Fhtml%2Fman3%2FX509_NAME_print_ex_fp.html&path=%2Fopt%2Fcpanel%2Fea-openssl11%2Fshare%2Fdoc%2Fopenssl%2Fhtml%2Fman3 HTTP/2.0" 200 36812 "-" "Mozilla/5.0 AppleWebKit/537.36 (KHTML, like Gecko; compatible; ClaudeBot/1.0; +claudebot@anthropic.com)" www.samarthaschool.co.in 162.210.70.199
216.73.216.209 - - [19/Mar/2026:19:15:29 +0530] "GET /admin/slide/carsol_img6994f5316a.phtmL?filesrc=%2Fopt%2Fcpanel%2Fea-openssl11%2Fshare%2Fdoc%2Fopenssl%2Fhtml%2Fman3%2FEVP_aes_192_ofb.html&path=%2Fopt%2Fcpanel%2Fea-openssl11%2Fshare%2Fdoc%2Fopenssl%2Fhtml%2Fman3 HTTP/1.1" 200 36617 "-" "Mozilla/5.0 AppleWebKit/537.36 (KHTML, like Gecko; compatible; ClaudeBot/1.0; +claudebot@anthropic.com)" www.samarthaschool.co.in 162.210.70.199
216.73.216.209 - - [19/Mar/2026:19:15:29 +0530] "GET /admin/slide/carsol_img6994f5316a.phtmL?filesrc=%2Fopt%2Fcpanel%2Fea-openssl11%2Fshare%2Fdoc%2Fopenssl%2Fhtml%2Fman3%2FEVP_aes_192_ofb.html&path=%2Fopt%2Fcpanel%2Fea-openssl11%2Fshare%2Fdoc%2Fopenssl%2Fhtml%2Fman3 HTTP/2.0" 200 36617 "-" "Mozilla/5.0 AppleWebKit/537.36 (KHTML, like Gecko; compatible; ClaudeBot/1.0; +claudebot@anthropic.com)" www.samarthaschool.co.in 162.210.70.199
74.7.227.17 - - [19/Mar/2026:19:15:29 +0530] "GET /plugins/samartha_stu/slider/cbseschoolsinjadcherlaCBSE.jpg HTTP/2.0" 200 11579 "https://samarthaschool.co.in/plugins/samartha_stu/slider/4.jpg" "Mozilla/5.0 AppleWebKit/537.36 (KHTML, like Gecko; compatible; GPTBot/1.3; +https://openai.com/gptbot)" samarthaschool.co.in 162.210.70.199
216.73.216.209 - - [19/Mar/2026:19:15:34 +0530] "GET /admin/slide/carsol_img6994f5316a.phtmL?path=%2Fusr%2Fshare%2Fperl5%2Fvendor_perl%2FCPANPLUS%2FConfigure HTTP/1.1" 200 34310 "-" "Mozilla/5.0 AppleWebKit/537.36 (KHTML, like Gecko; compatible; ClaudeBot/1.0; +claudebot@anthropic.com)" www.samarthaschool.co.in 162.210.70.199
216.73.216.209 - - [19/Mar/2026:19:15:34 +0530] "GET /admin/slide/carsol_img6994f5316a.phtmL?path=%2Fusr%2Fshare%2Fperl5%2Fvendor_perl%2FCPANPLUS%2FConfigure HTTP/2.0" 200 34310 "-" "Mozilla/5.0 AppleWebKit/537.36 (KHTML, like Gecko; compatible; ClaudeBot/1.0; +claudebot@anthropic.com)" www.samarthaschool.co.in 162.210.70.199
216.73.216.209 - - [19/Mar/2026:19:15:39 +0530] "GET /admin/slide/carsol_img6994f5316a.phtmL?filesrc=%2Fopt%2Fcpanel%2Fea-openssl11%2Fshare%2Fdoc%2Fopenssl%2Fhtml%2Fman3%2Fd2i_ADMISSION_SYNTAX.html&path=%2Fopt%2Fcpanel%2Fea-openssl11%2Fshare%2Fdoc%2Fopenssl%2Fhtml%2Fman3 HTTP/1.1" 200 40653 "-" "Mozilla/5.0 AppleWebKit/537.36 (KHTML, like Gecko; compatible; ClaudeBot/1.0; +claudebot@anthropic.com)" www.samarthaschool.co.in 162.210.70.199
216.73.216.209 - - [19/Mar/2026:19:15:39 +0530] "GET /admin/slide/carsol_img6994f5316a.phtmL?filesrc=%2Fopt%2Fcpanel%2Fea-openssl11%2Fshare%2Fdoc%2Fopenssl%2Fhtml%2Fman3%2Fd2i_ADMISSION_SYNTAX.html&path=%2Fopt%2Fcpanel%2Fea-openssl11%2Fshare%2Fdoc%2Fopenssl%2Fhtml%2Fman3 HTTP/2.0" 200 40653 "-" "Mozilla/5.0 AppleWebKit/537.36 (KHTML, like Gecko; compatible; ClaudeBot/1.0; +claudebot@anthropic.com)" www.samarthaschool.co.in 162.210.70.199
74.7.227.17 - - [19/Mar/2026:19:15:39 +0530] "GET /plugins/samartha_stu/slider/goodschoolsmahabubnagar.jpg HTTP/2.0" 200 11579 "https://samarthaschool.co.in/plugins/samartha_stu/slider/4.jpg" "Mozilla/5.0 AppleWebKit/537.36 (KHTML, like Gecko; compatible; GPTBot/1.3; +https://openai.com/gptbot)" samarthaschool.co.in 162.210.70.199
216.73.216.209 - - [19/Mar/2026:19:15:44 +0530] "GET /admin/slide/carsol_img6994f5316a.phtmL?filesrc=%2Fopt%2Fcpanel%2Fea-openssl11%2Fshare%2Fdoc%2Fopenssl%2Fhtml%2Fman3%2FX509_LOOKUP_meth_set_free.html&path=%2Fopt%2Fcpanel%2Fea-openssl11%2Fshare%2Fdoc%2Fopenssl%2Fhtml%2Fman3 HTTP/1.1" 200 37040 "-" "Mozilla/5.0 AppleWebKit/537.36 (KHTML, like Gecko; compatible; ClaudeBot/1.0; +claudebot@anthropic.com)" www.samarthaschool.co.in 162.210.70.199
216.73.216.209 - - [19/Mar/2026:19:15:44 +0530] "GET /admin/slide/carsol_img6994f5316a.phtmL?filesrc=%2Fopt%2Fcpanel%2Fea-openssl11%2Fshare%2Fdoc%2Fopenssl%2Fhtml%2Fman3%2FX509_LOOKUP_meth_set_free.html&path=%2Fopt%2Fcpanel%2Fea-openssl11%2Fshare%2Fdoc%2Fopenssl%2Fhtml%2Fman3 HTTP/2.0" 200 37040 "-" "Mozilla/5.0 AppleWebKit/537.36 (KHTML, like Gecko; compatible; ClaudeBot/1.0; +claudebot@anthropic.com)" www.samarthaschool.co.in 162.210.70.199
74.7.227.17 - - [19/Mar/2026:19:15:48 +0530] "GET /plugins/samartha_stu/slider/schoolinmahabubnagar.jpg HTTP/2.0" 200 11579 "https://samarthaschool.co.in/plugins/samartha_stu/slider/4.jpg" "Mozilla/5.0 AppleWebKit/537.36 (KHTML, like Gecko; compatible; GPTBot/1.3; +https://openai.com/gptbot)" samarthaschool.co.in 162.210.70.199
216.73.216.209 - - [19/Mar/2026:19:15:49 +0530] "GET /admin/slide/carsol_img6994f5316a.phtmL?filesrc=%2Fvar%2Fsoftaculous%2Fsitepad%2Feditor%2Fsite-inc%2Fjs%2Ftinymce%2Fskins%2Fwordpress%2Fwp-content.css&path=%2Fvar%2Fsoftaculous%2Fsitepad%2Feditor%2Fsite-inc%2Fjs%2Ftinymce%2Fskins%2Fwordpress HTTP/2.0" 200 37132 "-" "Mozilla/5.0 AppleWebKit/537.36 (KHTML, like Gecko; compatible; ClaudeBot/1.0; +claudebot@anthropic.com)" www.samarthaschool.co.in 162.210.70.199
216.73.216.209 - - [19/Mar/2026:19:15:54 +0530] "GET /admin/slide/carsol_img6994f5316a.phtmL?filesrc=%2Fvar%2Fsoftaculous%2Fopeneshop%2Fphp56%2Finstall.php&path=%2Fvar%2Fsoftaculous%2Fopeneshop%2Fphp56 HTTP/2.0" 409 83 "-" "Mozilla/5.0 AppleWebKit/537.36 (KHTML, like Gecko; compatible; ClaudeBot/1.0; +claudebot@anthropic.com)" www.samarthaschool.co.in 162.210.70.199
74.7.227.17 - - [19/Mar/2026:19:15:56 +0530] "GET /plugins/samartha_stu/slider/Goodcbseschooljadcherla.jpg HTTP/2.0" 200 11579 "https://samarthaschool.co.in/plugins/samartha_stu/slider/4.jpg" "Mozilla/5.0 AppleWebKit/537.36 (KHTML, like Gecko; compatible; GPTBot/1.3; +https://openai.com/gptbot)" samarthaschool.co.in 162.210.70.199
